Last updated on 2015-02-05 23:50:18.
Flavor | Version | Tinstall | Tcheck | Ttotal | Status | Flags |
---|---|---|---|---|---|---|
r-devel-linux-x86_64-debian-clang | 1.1 | 0.53 | 8.57 | 9.10 | NOTE | |
r-devel-linux-x86_64-debian-gcc | 1.1 | 0.51 | 8.95 | 9.46 | NOTE | |
r-devel-linux-x86_64-fedora-clang | 1.1 | 18.27 | NOTE | |||
r-devel-linux-x86_64-fedora-gcc | 1.1 | 17.18 | NOTE | |||
r-devel-osx-x86_64-clang | 1.1 | 26.53 | NOTE | |||
r-devel-windows-ix86+x86_64 | 1.1 | 2.00 | 13.00 | 15.00 | NOTE | |
r-patched-linux-x86_64 | 1.1 | 0.56 | 9.11 | 9.67 | OK | |
r-patched-solaris-sparc | 1.1 | 130.60 | OK | |||
r-patched-solaris-x86 | 1.1 | 29.30 | OK | |||
r-release-linux-ix86 | 1.1 | 0.83 | 14.55 | 15.38 | OK | |
r-release-linux-x86_64 | 1.1 | 0.54 | 8.97 | 9.52 | OK | |
r-release-osx-x86_64-mavericks | 1.1 | OK | ||||
r-release-osx-x86_64-snowleopard | 1.1 | OK | ||||
r-release-windows-ix86+x86_64 | 1.1 | 2.00 | 14.00 | 16.00 | OK | |
r-oldrel-windows-ix86+x86_64 | 1.1 | 2.00 | 18.00 | 20.00 | OK |
Version: 1.1
Check: dependencies in R code
Result: NOTE
'library' or 'require' call to ‘stats’ in package code.
Please use :: or requireNamespace() instead.
See section 'Suggested packages' in the 'Writing R Extensions' manual.
Flavors: r-devel-linux-x86_64-debian-clang, r-devel-linux-x86_64-debian-gcc, r-devel-linux-x86_64-fedora-clang, r-devel-linux-x86_64-fedora-gcc, r-devel-osx-x86_64-clang, r-devel-windows-ix86+x86_64