Last updated on 2015-02-05 23:50:18.
Flavor | Version | Tinstall | Tcheck | Ttotal | Status | Flags |
---|---|---|---|---|---|---|
r-devel-linux-x86_64-debian-clang | 2.5 | 0.83 | 16.07 | 16.90 | NOTE | |
r-devel-linux-x86_64-debian-gcc | 2.5 | 0.66 | 15.57 | 16.23 | NOTE | |
r-devel-linux-x86_64-fedora-clang | 2.5 | 32.39 | NOTE | |||
r-devel-linux-x86_64-fedora-gcc | 2.5 | 28.87 | NOTE | |||
r-devel-osx-x86_64-clang | 2.5 | 35.04 | NOTE | |||
r-devel-windows-ix86+x86_64 | 2.5 | 3.00 | 26.00 | 29.00 | OK | |
r-patched-linux-x86_64 | 2.5 | 0.76 | 16.99 | 17.76 | OK | |
r-patched-solaris-sparc | 2.5 | 199.80 | OK | |||
r-patched-solaris-x86 | 2.5 | 48.40 | OK | |||
r-release-linux-ix86 | 2.5 | 1.12 | 23.91 | 25.02 | OK | |
r-release-linux-x86_64 | 2.5 | 0.76 | 16.97 | 17.72 | OK | |
r-release-osx-x86_64-mavericks | 2.5 | OK | ||||
r-release-osx-x86_64-snowleopard | 2.5 | OK | ||||
r-release-windows-ix86+x86_64 | 2.5 | 3.00 | 26.00 | 29.00 | OK | |
r-oldrel-windows-ix86+x86_64 | 2.5 | 4.00 | 32.00 | 36.00 | OK |
Version: 2.5
Check: S3 generic/method consistency
Result: NOTE
Found the following apparent S3 methods exported but not registered:
print.amAlleleFreq print.amDataset summary.amCluster
summary.amPairwise summary.amUnique
See section ‘Registering S3 methods’ in the ‘Writing R Extensions’
manual.
Flavors: r-devel-linux-x86_64-debian-clang, r-devel-linux-x86_64-debian-gcc, r-devel-linux-x86_64-fedora-clang, r-devel-linux-x86_64-fedora-gcc, r-devel-osx-x86_64-clang