Last updated on 2015-02-05 23:50:18.
Flavor | Version | Tinstall | Tcheck | Ttotal | Status | Flags |
---|---|---|---|---|---|---|
r-devel-linux-x86_64-debian-clang | 2.0.5 | 4.59 | 36.22 | 40.81 | NOTE | |
r-devel-linux-x86_64-debian-gcc | 2.0.5 | 4.88 | 36.08 | 40.96 | NOTE | |
r-devel-linux-x86_64-fedora-clang | 2.0.5 | 88.91 | NOTE | |||
r-devel-linux-x86_64-fedora-gcc | 2.0.5 | 78.93 | NOTE | |||
r-devel-osx-x86_64-clang | 2.0.5 | 74.58 | NOTE | |||
r-devel-windows-ix86+x86_64 | 2.0.5 | 20.00 | 58.00 | 78.00 | NOTE | |
r-patched-linux-x86_64 | 2.0.5 | 7.66 | 49.98 | 57.64 | NOTE | |
r-patched-solaris-sparc | 2.0.5 | 233.20 | NOTE | |||
r-patched-solaris-x86 | 2.0.5 | 55.20 | NOTE | |||
r-release-linux-ix86 | 2.0.5 | 2.22 | 24.07 | 26.30 | NOTE | |
r-release-linux-x86_64 | 2.0.5 | 6.82 | 51.25 | 58.07 | NOTE | |
r-release-osx-x86_64-mavericks | 2.0.5 | NOTE | ||||
r-release-windows-ix86+x86_64 | 2.0.5 | 30.00 | 86.00 | 116.00 | NOTE | |
r-oldrel-windows-ix86+x86_64 | 2.0.5 | 20.00 | 72.00 | 92.00 | NOTE |
Version: 2.0.5
Check: dependencies in R code
Result: NOTE
Package in Depends field not imported from: ‘car’
These packages need to be imported from (in the NAMESPACE file)
for when this namespace is loaded but not attached.
':::' calls which should be '::':
‘car:::bcPower’ ‘car:::bootCase’ ‘car:::deltaMethod’
‘car:::infIndexPlot’ ‘car:::invResPlot’ ‘car:::invTranEstimate’
‘car:::invTranPlot’ ‘car:::marginalModelPlot’ ‘car:::outlierTest’
‘car:::powerTransform’ ‘car:::residualPlot’ ‘car:::residualPlots’
‘car:::testTransform’
See the note in ?`:::` about the use of this operator.
Unexported objects imported by ':::' calls:
‘car:::residCurvTest’ ‘car:::tukeyNonaddTest’
See the note in ?`:::` about the use of this operator.
Flavors: r-devel-linux-x86_64-debian-clang, r-devel-linux-x86_64-debian-gcc, r-devel-linux-x86_64-fedora-clang, r-devel-linux-x86_64-fedora-gcc, r-devel-osx-x86_64-clang, r-devel-windows-ix86+x86_64
Version: 2.0.5
Check: S3 generic/method consistency
Result: NOTE
Found the following apparent S3 methods exported but not registered:
pod.formula
See section ‘Registering S3 methods’ in the ‘Writing R Extensions’
manual.
Flavors: r-devel-linux-x86_64-debian-clang, r-devel-linux-x86_64-debian-gcc, r-devel-linux-x86_64-fedora-clang, r-devel-linux-x86_64-fedora-gcc, r-devel-osx-x86_64-clang
Version: 2.0.5
Check: R code for possible problems
Result: NOTE
sigma.hat: no visible global function definition for ‘sigmaHat’
Flavors: r-devel-linux-x86_64-debian-clang, r-devel-linux-x86_64-debian-gcc, r-devel-linux-x86_64-fedora-clang, r-devel-linux-x86_64-fedora-gcc, r-devel-osx-x86_64-clang, r-devel-windows-ix86+x86_64, r-patched-linux-x86_64, r-patched-solaris-sparc, r-patched-solaris-x86, r-release-linux-ix86, r-release-linux-x86_64, r-release-osx-x86_64-mavericks, r-release-windows-ix86+x86_64
Version: 2.0.5
Check: dependencies in R code
Result: NOTE
Package in Depends field not imported from: ‘car’
These packages need to be imported from (in the NAMESPACE file)
for when this namespace is loaded but not attached.
':::' calls which should be '::':
‘car:::bcPower’ ‘car:::bootCase’ ‘car:::deltaMethod’
‘car:::infIndexPlot’ ‘car:::invResPlot’ ‘car:::invTranEstimate’
‘car:::invTranPlot’ ‘car:::marginalModelPlot’ ‘car:::outlierTest’
‘car:::powerTransform’ ‘car:::residualPlot’ ‘car:::residualPlots’
‘car:::testTransform’
See the note in ?`:::` about the use of this operator.
Unexported objects imported by ':::' calls:
‘car:::residCurvTest’ ‘car:::tukeyNonaddTest’
See the note in ?`:::` about the use of this operator.
See the information on DESCRIPTION files in the chapter ‘Creating R
packages’ of the ‘Writing R Extensions’ manual.
Flavors: r-patched-linux-x86_64, r-patched-solaris-sparc, r-patched-solaris-x86, r-release-linux-ix86, r-release-linux-x86_64, r-release-osx-x86_64-mavericks, r-release-windows-ix86+x86_64, r-oldrel-windows-ix86+x86_64