CRAN Package Check Results for Package amap

Last updated on 2015-02-05 23:50:18.

Flavor Version Tinstall Tcheck Ttotal Status Flags
r-devel-linux-x86_64-debian-clang 0.8-14 2.98 14.52 17.50 NOTE
r-devel-linux-x86_64-debian-gcc 0.8-14 4.35 13.80 18.14 NOTE
r-devel-linux-x86_64-fedora-clang 0.8-14 34.90 NOTE
r-devel-linux-x86_64-fedora-gcc 0.8-14 35.24 NOTE
r-devel-osx-x86_64-clang 0.8-14 52.50 NOTE
r-devel-windows-ix86+x86_64 0.8-14 21.00 30.00 51.00 NOTE
r-patched-linux-x86_64 0.8-14 4.47 15.14 19.61 OK
r-patched-solaris-sparc 0.8-14 257.90 OK
r-patched-solaris-x86 0.8-14 56.80 OK
r-release-linux-ix86 0.8-14 6.35 24.05 30.40 OK
r-release-linux-x86_64 0.8-14 4.55 15.43 19.98 OK
r-release-osx-x86_64-mavericks 0.8-14 OK
r-release-osx-x86_64-snowleopard 0.8-14 OK
r-release-windows-ix86+x86_64 0.8-14 15.00 33.00 48.00 OK
r-oldrel-windows-ix86+x86_64 0.8-14 16.00 33.00 49.00 OK

Check Details

Version: 0.8-14
Check: dependencies in R code
Result: NOTE
    'library' or 'require' call to ‘Biobase’ in package code.
     Please use :: or requireNamespace() instead.
     See section 'Suggested packages' in the 'Writing R Extensions' manual.
Flavors: r-devel-linux-x86_64-debian-clang, r-devel-linux-x86_64-debian-gcc, r-devel-linux-x86_64-fedora-clang, r-devel-linux-x86_64-fedora-gcc, r-devel-osx-x86_64-clang, r-devel-windows-ix86+x86_64