CRAN Package Check Results for Package amei

Last updated on 2015-02-05 23:50:18.

Flavor Version Tinstall Tcheck Ttotal Status Flags
r-devel-linux-x86_64-debian-clang 1.0-7 1.66 807.42 809.08 NOTE
r-devel-linux-x86_64-debian-gcc 1.0-7 1.83 723.18 725.01 NOTE
r-devel-linux-x86_64-fedora-clang 1.0-7 710.27 NOTE --no-build-vignettes
r-devel-linux-x86_64-fedora-gcc 1.0-7 683.60 NOTE --no-build-vignettes
r-devel-osx-x86_64-clang 1.0-7 530.67 NOTE --no-build-vignettes
r-devel-windows-ix86+x86_64 1.0-7 13.00 45.00 58.00 OK --no-vignettes
r-patched-linux-x86_64 1.0-7 1.97 783.28 785.26 OK
r-patched-solaris-sparc 1.0-7 285.10 OK --no-vignettes
r-patched-solaris-x86 1.0-7 806.70 OK --no-build-vignettes
r-release-linux-ix86 1.0-7 2.40 923.09 925.48 OK
r-release-linux-x86_64 1.0-7 1.88 763.20 765.08 OK
r-release-osx-x86_64-mavericks 1.0-7 NOTE
r-release-osx-x86_64-snowleopard 1.0-7 NOTE
r-release-windows-ix86+x86_64 1.0-7 10.00 60.00 70.00 OK --no-vignettes
r-oldrel-windows-ix86+x86_64 1.0-7 8.00 49.00 57.00 OK --no-vignettes

Check Details

Version: 1.0-7
Check: S3 generic/method consistency
Result: NOTE
    Found the following apparent S3 methods exported but not registered:
     plot.MCepi plot.epiman plot.optvac print.MCepi print.epiman
     print.optvac print.summary.MCepi print.summary.epiman
     print.summary.optvac summary.MCepi summary.epiman summary.optvac
    See section ‘Registering S3 methods’ in the ‘Writing R Extensions’
    manual.
Flavor: r-devel-linux-x86_64-debian-clang

Version: 1.0-7
Check: S3 generic/method consistency
Result: NOTE
    Found the following apparent S3 methods exported but not registered:
     print.MCepi print.epiman print.optvac print.summary.MCepi
     print.summary.epiman print.summary.optvac summary.MCepi
     summary.epiman summary.optvac plot.MCepi plot.epiman plot.optvac
    See section ‘Registering S3 methods’ in the ‘Writing R Extensions’
    manual.
Flavor: r-devel-linux-x86_64-debian-gcc

Version: 1.0-7
Flags: --no-build-vignettes
Check: S3 generic/method consistency
Result: NOTE
    Found the following apparent S3 methods exported but not registered:
     plot.MCepi plot.epiman plot.optvac print.MCepi print.epiman
     print.optvac print.summary.MCepi print.summary.epiman
     print.summary.optvac summary.MCepi summary.epiman summary.optvac
    See section ‘Registering S3 methods’ in the ‘Writing R Extensions’
    manual.
Flavors: r-devel-linux-x86_64-fedora-clang, r-devel-linux-x86_64-fedora-gcc, r-devel-osx-x86_64-clang

Version: 1.0-7
Check: re-building of vignette outputs
Result: NOTE
    Error in re-building vignettes:
     ...
    Error in texi2dvi(file = file, pdf = TRUE, clean = clean, quiet = quiet, :
     Running 'texi2dvi' on 'amei.tex' failed.
    LaTeX errors:
    ! Undefined control sequence.
    l.15 ...߾<8d><c6>L&<c3>9<ff><ee><bb><ef>^^Xc_~<f9><e5><f5><eb><d7>s<b9>^^\<ba>q<ce><ef>޽<fb><c5>^^W_\<bc>
     xq~~~aa!<9b><cd><ce><ce><ce>b<e4>\.W<af><d7><c7><c7><c7>^^Y...
    The control sequence at the end of the top line
    of your error message was never \def'ed. If you have
    ! Undefined control sequence.
    l.20 ...<9b>^^L<c7>0<8f>Z<ad><86><bb><b2><85><88>8<e7>^^@<92><aa><aa><a6>i<a2><b1>X,<fa><be><8f>G<d0><e2><fb>~4|Å\D
     Ƙ<bc><85><b7><d4>j<b5>v<e6><dc>^^Y8;<c5>ի<8d>ȨSp^^...
    The control sequence at the end of the top line
    of your error message was never \def'ed. If you have
    ! Undefined control sequence.
    l.23 <c3>0<96><97><97><af>\<b9>
     <e2><ba>.F+^^T^^J
    The control sequence at the end of the top line
    of your error message was never \def'ed. If you have
    ! Undefined control sequence.
    l.24
    Calls: buildVignettes -> texi2pdf -> texi2dvi
    Execution halted
Flavor: r-release-osx-x86_64-mavericks

Version: 1.0-7
Check: re-building of vignette outputs
Result: NOTE
    Error in re-building vignettes:
     ...
    Error in texi2dvi(file = file, pdf = TRUE, clean = clean, quiet = quiet, :
     Running 'texi2dvi' on 'amei.tex' failed.
    Messages:
    sh: gs: command not found
    !!! Error: Closing Ghostscript (exit status: 127)!
    /usr/bin/texi2dvi: thumbpdf exited with bad status, quitting.
    Calls: buildVignettes -> texi2pdf -> texi2dvi
    Execution halted
Flavor: r-release-osx-x86_64-snowleopard