Last updated on 2015-02-05 23:50:18.
Flavor | Version | Tinstall | Tcheck | Ttotal | Status | Flags |
---|---|---|---|---|---|---|
r-devel-linux-x86_64-debian-clang | 1.3.0 | 1.22 | 41.86 | 43.08 | NOTE | |
r-devel-linux-x86_64-debian-gcc | 1.3.0 | 1.16 | 42.51 | 43.67 | NOTE | |
r-devel-linux-x86_64-fedora-clang | 1.3.0 | 81.19 | NOTE | |||
r-devel-linux-x86_64-fedora-gcc | 1.3.0 | 76.14 | NOTE | |||
r-devel-osx-x86_64-clang | 1.3.0 | 67.05 | NOTE | |||
r-devel-windows-ix86+x86_64 | 1.3.0 | 8.00 | 45.00 | 53.00 | NOTE | |
r-patched-linux-x86_64 | 1.3.0 | 1.24 | 44.18 | 45.42 | OK | |
r-patched-solaris-sparc | 1.3.0 | 400.10 | OK | |||
r-patched-solaris-x86 | 1.3.0 | 87.00 | OK | |||
r-release-linux-ix86 | 1.3.0 | 1.74 | 60.74 | 62.48 | OK | |
r-release-linux-x86_64 | 1.3.0 | 1.22 | 44.18 | 45.40 | OK | |
r-release-osx-x86_64-mavericks | 1.3.0 | OK | ||||
r-release-osx-x86_64-snowleopard | 1.3.0 | OK | ||||
r-release-windows-ix86+x86_64 | 1.3.0 | 4.00 | 47.00 | 51.00 | OK | |
r-oldrel-windows-ix86+x86_64 | 1.3.0 | 5.00 | 51.00 | 56.00 | OK |
Version: 1.3.0
Check: dependencies in R code
Result: NOTE
'library' or 'require' call to ‘tkrplot’ in package code.
Please use :: or requireNamespace() instead.
See section 'Suggested packages' in the 'Writing R Extensions' manual.
Flavors: r-devel-linux-x86_64-debian-clang, r-devel-linux-x86_64-debian-gcc, r-devel-linux-x86_64-fedora-clang, r-devel-linux-x86_64-fedora-gcc, r-devel-osx-x86_64-clang, r-devel-windows-ix86+x86_64
Version: 1.3.0
Check: S3 generic/method consistency
Result: NOTE
Found the following apparent S3 methods exported but not registered:
plot.bagplot plot.faces
See section ‘Registering S3 methods’ in the ‘Writing R Extensions’
manual.
Flavors: r-devel-linux-x86_64-debian-clang, r-devel-linux-x86_64-debian-gcc, r-devel-linux-x86_64-fedora-clang, r-devel-linux-x86_64-fedora-gcc, r-devel-osx-x86_64-clang