Last updated on 2015-02-05 23:50:18.
Flavor | Version | Tinstall | Tcheck | Ttotal | Status | Flags |
---|---|---|---|---|---|---|
r-devel-linux-x86_64-debian-clang | 1.2-6 | 0.75 | 15.27 | 16.02 | NOTE | |
r-devel-linux-x86_64-debian-gcc | 1.2-6 | 0.92 | 15.18 | 16.10 | NOTE | |
r-devel-linux-x86_64-fedora-clang | 1.2-6 | 33.09 | NOTE | |||
r-devel-linux-x86_64-fedora-gcc | 1.2-6 | 32.13 | NOTE | |||
r-devel-osx-x86_64-clang | 1.2-6 | 46.61 | NOTE | |||
r-devel-windows-ix86+x86_64 | 1.2-6 | 5.00 | 31.00 | 36.00 | NOTE | |
r-patched-linux-x86_64 | 1.2-6 | 0.80 | 17.17 | 17.97 | NOTE | |
r-patched-solaris-sparc | 1.2-6 | 224.30 | NOTE | |||
r-patched-solaris-x86 | 1.2-6 | 47.70 | NOTE | |||
r-release-linux-ix86 | 1.2-6 | 1.16 | 25.65 | 26.81 | NOTE | |
r-release-linux-x86_64 | 1.2-6 | 0.79 | 17.00 | 17.79 | NOTE | |
r-release-osx-x86_64-mavericks | 1.2-6 | NOTE | ||||
r-release-osx-x86_64-snowleopard | 1.2-6 | OK | ||||
r-release-windows-ix86+x86_64 | 1.2-6 | 4.00 | 31.00 | 35.00 | NOTE | |
r-oldrel-windows-ix86+x86_64 | 1.2-6 | 4.00 | 29.00 | 33.00 | NOTE |
Version: 1.2-6
Check: dependencies in R code
Result: NOTE
Package in Depends field not imported from: ‘emulator’
These packages need to be imported from (in the NAMESPACE file)
for when this namespace is loaded but not attached.
Flavors: r-devel-linux-x86_64-debian-clang, r-devel-linux-x86_64-debian-gcc, r-devel-linux-x86_64-fedora-clang, r-devel-linux-x86_64-fedora-gcc, r-devel-osx-x86_64-clang, r-devel-windows-ix86+x86_64
Version: 1.2-6
Check: R code for possible problems
Result: NOTE
Afun: no visible global function definition for ‘corr.matrix’
betahat.app.H: no visible global function definition for ‘quad.form’
betahat.app.H: no visible global function definition for
‘quad.form.inv’
cdash.fun: no visible global function definition for ‘quad.3form’
cdash.fun: no visible global function definition for ‘quad.form’
generate.toy.observations : delta: no visible global function
definition for ‘rmvnorm’
generate.toy.observations : delta: no visible global function
definition for ‘corr.matrix’
object: no visible global function definition for ‘quad.form’
Flavors: r-devel-linux-x86_64-debian-clang, r-devel-linux-x86_64-debian-gcc, r-devel-linux-x86_64-fedora-clang, r-devel-linux-x86_64-fedora-gcc, r-devel-osx-x86_64-clang, r-devel-windows-ix86+x86_64, r-patched-linux-x86_64, r-patched-solaris-sparc, r-patched-solaris-x86, r-release-linux-ix86, r-release-linux-x86_64, r-release-osx-x86_64-mavericks, r-release-windows-ix86+x86_64
Version: 1.2-6
Check: dependencies in R code
Result: NOTE
Package in Depends field not imported from: ‘emulator’
These packages need to be imported from (in the NAMESPACE file)
for when this namespace is loaded but not attached.
See the information on DESCRIPTION files in the chapter ‘Creating R
packages’ of the ‘Writing R Extensions’ manual.
Flavors: r-patched-linux-x86_64, r-patched-solaris-sparc, r-patched-solaris-x86, r-release-linux-ix86, r-release-linux-x86_64, r-release-osx-x86_64-mavericks, r-release-windows-ix86+x86_64, r-oldrel-windows-ix86+x86_64