Last updated on 2015-02-05 23:50:18.
Flavor | Version | Tinstall | Tcheck | Ttotal | Status | Flags |
---|---|---|---|---|---|---|
r-devel-linux-x86_64-debian-clang | 2.3 | 4.88 | 61.64 | 66.52 | NOTE | |
r-devel-linux-x86_64-debian-gcc | 2.3 | 4.80 | 60.68 | 65.48 | NOTE | |
r-devel-linux-x86_64-fedora-clang | 2.3 | 143.52 | NOTE | |||
r-devel-linux-x86_64-fedora-gcc | 2.3 | 134.94 | NOTE | |||
r-devel-osx-x86_64-clang | 2.3 | 123.15 | NOTE | |||
r-devel-windows-ix86+x86_64 | 2.3 | 19.00 | 98.00 | 117.00 | OK | |
r-patched-linux-x86_64 | 2.3 | 7.16 | 92.68 | 99.84 | OK | |
r-patched-solaris-sparc | 2.3 | 1074.90 | OK | |||
r-patched-solaris-x86 | 2.3 | 255.70 | OK | |||
r-release-linux-ix86 | 2.3 | 7.08 | 94.11 | 101.19 | OK | |
r-release-linux-x86_64 | 2.3 | 7.54 | 91.41 | 98.94 | OK | |
r-release-osx-x86_64-mavericks | 2.3 | NOTE | ||||
r-release-osx-x86_64-snowleopard | 2.3 | OK | ||||
r-release-windows-ix86+x86_64 | 2.3 | 38.00 | 153.00 | 191.00 | OK | |
r-oldrel-windows-ix86+x86_64 | 2.3 | 26.00 | 157.00 | 183.00 | OK |
Version: 2.3
Check: S3 generic/method consistency
Result: NOTE
Found the following apparent S3 methods exported but not registered:
plot.ciTarLag plot.ciTarThd print.ciTarFit print.ciTarLag
print.ciTarThd print.ecm print.ecmAsyTest summary.ciTarFit
summary.ecm
See section ‘Registering S3 methods’ in the ‘Writing R Extensions’
manual.
Flavors: r-devel-linux-x86_64-debian-clang, r-devel-linux-x86_64-fedora-clang, r-devel-linux-x86_64-fedora-gcc, r-devel-osx-x86_64-clang
Version: 2.3
Check: S3 generic/method consistency
Result: NOTE
Found the following apparent S3 methods exported but not registered:
print.ciTarFit print.ciTarLag print.ciTarThd print.ecm
print.ecmAsyTest summary.ciTarFit summary.ecm plot.ciTarLag
plot.ciTarThd
See section ‘Registering S3 methods’ in the ‘Writing R Extensions’
manual.
Flavor: r-devel-linux-x86_64-debian-gcc
Version: 2.3
Check: package dependencies
Result: NOTE
Packages suggested but not available for checking:
‘RGtk2’ ‘gWidgetsRGtk2’ ‘cairoDevice’
Flavor: r-release-osx-x86_64-mavericks