Last updated on 2015-02-05 23:50:18.
Flavor | Version | Tinstall | Tcheck | Ttotal | Status | Flags |
---|---|---|---|---|---|---|
r-devel-linux-x86_64-debian-clang | 1.2 | 2.38 | 26.06 | 28.44 | OK | |
r-devel-linux-x86_64-debian-gcc | 1.2 | 2.18 | 25.72 | 27.90 | OK | |
r-devel-linux-x86_64-fedora-clang | 1.2 | 59.58 | OK | |||
r-devel-linux-x86_64-fedora-gcc | 1.2 | 58.71 | OK | |||
r-devel-osx-x86_64-clang | 1.2 | 60.37 | OK | |||
r-devel-windows-ix86+x86_64 | 1.2 | 10.00 | 45.00 | 55.00 | OK | |
r-patched-linux-x86_64 | 1.2 | 3.04 | 37.28 | 40.32 | OK | |
r-patched-solaris-sparc | 1.2 | 496.20 | OK | |||
r-patched-solaris-x86 | 1.2 | 102.20 | OK | |||
r-release-linux-ix86 | 1.2 | 3.64 | 44.20 | 47.84 | OK | |
r-release-linux-x86_64 | 1.2 | 3.01 | 36.02 | 39.03 | OK | |
r-release-osx-x86_64-mavericks | 1.2 | OK | ||||
r-release-osx-x86_64-snowleopard | 1.2 | OK | ||||
r-release-windows-ix86+x86_64 | 1.2 | 18.00 | 65.00 | 83.00 | OK | |
r-oldrel-windows-ix86+x86_64 | 1.2 | 13.00 | 65.00 | 78.00 | WARN |
Version: 1.2
Check: PDF version of manual
Result: WARN
LaTeX errors when creating PDF version.
This typically indicates Rd problems.
LaTeX errors found:
! Illegal parameter number in definition of \Hy@tempa.
<to be read again>
-
l.269 Cases}
.
! Illegal parameter number in definition of \Hy@tempa.
<to be read again>
-
l.269 Cases}
.
! Illegal parameter number in definition of \Hy@tempa.
<to be read again>
-
l.269 Cases}
.
! Illegal parameter number in definition of \Hy@tempa.
<to be read again>
-
l.1660 Cases}
. The list of supported artifacts and their tags is
! Illegal parameter number in definition of \Hy@tempa.
<to be read again>
-
l.1660 Cases}
. The list of supported artifacts and their tags is
! Illegal parameter number in definition of \Hy@tempa.
<to be read again>
-
l.1660 Cases}
. The list of supported artifacts and their tags is
Flavor: r-oldrel-windows-ix86+x86_64