CRAN Package Check Results for Package ars

Last updated on 2015-02-05 23:50:18.

Flavor Version Tinstall Tcheck Ttotal Status Flags
r-devel-linux-x86_64-debian-clang 0.5 1.06 8.13 9.19 OK
r-devel-linux-x86_64-debian-gcc 0.5 1.11 8.20 9.31 OK
r-devel-linux-x86_64-fedora-clang 0.5 18.35 OK
r-devel-linux-x86_64-fedora-gcc 0.5 17.70 OK
r-devel-osx-x86_64-clang 0.5 26.81 OK
r-devel-windows-ix86+x86_64 0.5 11.00 21.00 32.00 OK
r-patched-linux-x86_64 0.5 1.16 8.94 10.10 OK
r-patched-solaris-sparc 0.5 130.00 OK
r-patched-solaris-x86 0.5 29.00 OK
r-release-linux-ix86 0.5 1.68 14.35 16.04 OK
r-release-linux-x86_64 0.5 1.19 8.72 9.90 OK
r-release-osx-x86_64-mavericks 0.5 OK
r-release-osx-x86_64-snowleopard 0.5 OK
r-release-windows-ix86+x86_64 0.5 7.00 23.00 30.00 OK
r-oldrel-windows-ix86+x86_64 0.4 6.00 22.00 28.00 NOTE

Check Details

Version: 0.4
Check: R code for possible problems
Result: NOTE
    File 'ars/R/ars.R':
     .onAttach calls:
     cat(paste("Package 'ars', ", ars.version, ". ", sep = ""))
     cat("Type 'help(ars)' for summary information\n")
    
    Package startup functions should use 'packageStartupMessage' to
     generate messages.
    See section 'Good practice' in '?.onAttach'.
Flavor: r-oldrel-windows-ix86+x86_64

Version: 0.4
Check: compiled code
Result: NOTE
    File 'd:/Rcompile/CRANpkg/lib/3.0/ars/libs/i386/ars.dll':
     Found '_ZSt4cerr', possibly from 'std::cerr' (C++)
     Object: 'ars.o'
    File 'd:/Rcompile/CRANpkg/lib/3.0/ars/libs/x64/ars.dll':
     Found '_ZSt4cerr', possibly from 'std::cerr' (C++)
     Object: 'ars.o'
    
    Compiled code should not call entry points which might terminate R nor
    write to stdout/stderr instead of to the console.
    
    See 'Writing portable packages' in the 'Writing R Extensions' manual.
Flavor: r-oldrel-windows-ix86+x86_64