CRAN Package Check Results for Package assertive

Last updated on 2015-02-05 23:50:18.

Flavor Version Tinstall Tcheck Ttotal Status Flags
r-devel-linux-x86_64-debian-clang 0.2-1 1.56 22.91 24.47 OK
r-devel-linux-x86_64-debian-gcc 0.2-1 1.48 21.52 23.00 OK
r-devel-linux-x86_64-fedora-clang 0.2-1 47.54 OK
r-devel-linux-x86_64-fedora-gcc 0.2-1 24.52 OK
r-devel-osx-x86_64-clang 0.2-1 28.05 OK
r-devel-windows-ix86+x86_64 0.2-1 10.00 49.00 59.00 OK
r-patched-linux-x86_64 0.2-1 1.58 19.66 21.24 ERROR
r-patched-solaris-sparc 0.2-1 230.70 ERROR
r-patched-solaris-x86 0.2-1 45.50 ERROR
r-release-linux-ix86 0.1-8 1.80 23.99 25.79 OK
r-release-linux-x86_64 0.1-8 1.49 17.01 18.50 OK
r-release-osx-x86_64-mavericks 0.2-1 ERROR
r-release-osx-x86_64-snowleopard 0.2-1 ERROR
r-release-windows-ix86+x86_64 0.2-1 12.00 54.00 66.00 OK
r-oldrel-windows-ix86+x86_64 0.2-1 10.00 61.00 71.00 OK

Check Details

Version: 0.2-1
Check: tests
Result: ERROR
    Running the tests in ‘tests/run-all.R’ failed.
    Last 13 lines of output:
     The following objects are masked from 'package:testthat':
    
     has_names, is_false, is_null, is_true
    
     >
     > test_package("assertive")
     ........................................................................................................................................................................................................................................................................................................................................................................................................................................................................................................................................1.............
    
     1. Failure(@test-r-has-capabilities.R#17): test.r_has_capabilities.returns_true_if_r_has_capabilities
     actual isn't true
    
     Error: Test failures
     Execution halted
Flavor: r-patched-linux-x86_64

Version: 0.2-1
Check: tests
Result: ERROR
    Running the tests in ‘tests/run-all.R’ failed.
    Last 13 lines of output:
    
     has_names, is_false, is_null, is_true
    
     >
     > test_package("assertive")
     ...........................................................................................................................................................................................................................................................................................................................................................................................................................................................................................................................................1.............
    
     1. Failure(@test-r-has-capabilities.R#21): test.r_has_capabilities.returns_true_if_r_has_capabilities
     cause(actual) not equal to noquote(paste("R does not have", names(caps)[i], "capability."))
     1 string mismatch
    
     Error: Test failures
     Execution halted
Flavor: r-patched-solaris-sparc

Version: 0.2-1
Check: tests
Result: ERROR
    Running the tests in ‘tests/run-all.R’ failed.
    Last 13 lines of output:
     The following objects are masked from 'package:testthat':
    
     has_names, is_false, is_null, is_true
    
     >
     > test_package("assertive")
     ..........................................................................................................................................................................................................................................................................................................................................................................................................................................................................................................................................1.............
    
     1. Failure(@test-r-has-capabilities.R#17): test.r_has_capabilities.returns_true_if_r_has_capabilities
     actual isn't true
    
     Error: Test failures
     Execution halted
Flavor: r-patched-solaris-x86

Version: 0.2-1
Check: tests
Result: ERROR
    Running the tests in ‘tests/run-all.R’ failed.
    Last 13 lines of output:
     The following objects are masked from 'package:testthat':
    
     has_names, is_false, is_null, is_true
    
     >
     > test_package("assertive")
     ......................................................................................................................................................................................................................................................................................................................................................................................................................................................................................................................................1.............
    
     1. Failure(@test-r-has-capabilities.R#17): test.r_has_capabilities.returns_true_if_r_has_capabilities
     actual isn't true
    
     Error: Test failures
     Execution halted
Flavors: r-release-osx-x86_64-mavericks, r-release-osx-x86_64-snowleopard