Last updated on 2015-02-05 23:50:18.
Flavor | Version | Tinstall | Tcheck | Ttotal | Status | Flags |
---|---|---|---|---|---|---|
r-devel-linux-x86_64-debian-clang | 1.0-14 | 1.86 | 44.28 | 46.14 | NOTE | |
r-devel-linux-x86_64-debian-gcc | 1.0-14 | 1.87 | 45.41 | 47.28 | NOTE | |
r-devel-linux-x86_64-fedora-clang | 1.0-14 | 91.23 | NOTE | |||
r-devel-linux-x86_64-fedora-gcc | 1.0-14 | 93.93 | NOTE | |||
r-devel-osx-x86_64-clang | 1.0-14 | 82.61 | NOTE | |||
r-devel-windows-ix86+x86_64 | 1.0-14 | 10.00 | 71.00 | 81.00 | NOTE | |
r-patched-linux-x86_64 | 1.0-14 | 2.78 | 54.73 | 57.51 | NOTE | |
r-patched-solaris-sparc | 1.0-14 | 742.60 | NOTE | |||
r-patched-solaris-x86 | 1.0-14 | 146.50 | NOTE | |||
r-release-linux-ix86 | 1.0-14 | 3.19 | 68.88 | 72.07 | NOTE | |
r-release-linux-x86_64 | 1.0-14 | 2.77 | 55.09 | 57.86 | NOTE | |
r-release-osx-x86_64-mavericks | 1.0-14 | NOTE | ||||
r-release-osx-x86_64-snowleopard | 1.0-14 | OK | ||||
r-release-windows-ix86+x86_64 | 1.0-14 | 14.00 | 91.00 | 105.00 | NOTE | |
r-oldrel-windows-ix86+x86_64 | 1.0-14 | 8.00 | 88.00 | 96.00 | OK |
Version: 1.0-14
Check: dependencies in R code
Result: NOTE
'library' or 'require' calls in package code:
‘ggplot2’ ‘gpclib’ ‘maptools’
Please use :: or requireNamespace() instead.
See section 'Suggested packages' in the 'Writing R Extensions' manual.
Flavors: r-devel-linux-x86_64-debian-clang, r-devel-linux-x86_64-debian-gcc, r-devel-linux-x86_64-fedora-clang, r-devel-linux-x86_64-fedora-gcc, r-devel-osx-x86_64-clang, r-devel-windows-ix86+x86_64
Version: 1.0-14
Check: R code for possible problems
Result: NOTE
cv.compare.ggplot: no visible global function definition for ‘ggplot’
cv.compare.ggplot: no visible global function definition for
‘aes_string’
cv.compare.ggplot: no visible global function definition for
‘facet_wrap’
cv.compare.ggplot: no visible global function definition for
‘scale_x_continuous’
cv.compare.ggplot: no visible global function definition for
‘scale_y_continuous’
cv.compare.ggplot: no visible global function definition for
‘coord_equal’
cv.compare.ggplot: no visible global function definition for
‘scale_color_gradient2’
cv.compare.ggplot: no visible global function definition for
‘scale_size_continuous’
cv.compare.ggplot: no visible global function definition for ‘fortify’
cv.compare.ggplot: no visible global function definition for
‘geom_path’
cv.compare.ggplot: no visible global function definition for
‘geom_point’
Flavors: r-devel-linux-x86_64-debian-clang, r-devel-linux-x86_64-debian-gcc, r-devel-linux-x86_64-fedora-clang, r-devel-linux-x86_64-fedora-gcc, r-devel-osx-x86_64-clang, r-devel-windows-ix86+x86_64, r-patched-linux-x86_64, r-patched-solaris-sparc, r-patched-solaris-x86, r-release-linux-ix86, r-release-linux-x86_64, r-release-osx-x86_64-mavericks, r-release-windows-ix86+x86_64
Version: 1.0-14
Check: package dependencies
Result: NOTE
Package suggested but not available for checking: 'gpclib'
Flavor: r-devel-windows-ix86+x86_64