CRAN Package Check Results for Package bayou

Last updated on 2015-02-05 23:50:19.

Flavor Version Tinstall Tcheck Ttotal Status Flags
r-devel-linux-x86_64-debian-clang 1.0.1 22.31 48.94 71.26 NOTE
r-devel-linux-x86_64-debian-gcc 1.0.1 28.62 50.13 78.75 NOTE
r-devel-linux-x86_64-fedora-clang 1.0.1 154.70 NOTE
r-devel-linux-x86_64-fedora-gcc 1.0.1 152.06 NOTE
r-devel-osx-x86_64-clang 1.0.1 121.62 NOTE
r-devel-windows-ix86+x86_64 1.0.1 101.00 111.00 212.00 NOTE
r-patched-linux-x86_64 1.0.1 29.62 68.58 98.21 NOTE
r-patched-solaris-sparc 1.0.1 1238.40 NOTE
r-patched-solaris-x86 1.0.1 266.30 NOTE
r-release-linux-ix86 1.0.1 33.51 84.33 117.84 NOTE
r-release-linux-x86_64 1.0.1 28.38 69.11 97.49 NOTE
r-release-osx-x86_64-mavericks 1.0.1 NOTE
r-release-osx-x86_64-snowleopard 1.0.1 OK
r-release-windows-ix86+x86_64 1.0.1 112.00 152.00 264.00 NOTE
r-oldrel-windows-ix86+x86_64 1.0.1 71.00 156.00 227.00 NOTE

Check Details

Version: 1.0.1
Check: dependencies in R code
Result: NOTE
    'library' or 'require' calls in package code:
     ‘doMC’ ‘foreach’
     Please use :: or requireNamespace() instead.
     See section 'Suggested packages' in the 'Writing R Extensions' manual.
Flavors: r-devel-linux-x86_64-debian-clang, r-devel-linux-x86_64-debian-gcc, r-devel-linux-x86_64-fedora-clang, r-devel-linux-x86_64-fedora-gcc, r-devel-osx-x86_64-clang, r-devel-windows-ix86+x86_64

Version: 1.0.1
Check: R code for possible problems
Result: NOTE
    steppingstone: no visible global function definition for ‘registerDoMC’
    steppingstone: no visible global function definition for ‘%dopar%’
    steppingstone: no visible global function definition for ‘foreach’
Flavors: r-devel-linux-x86_64-debian-clang, r-devel-linux-x86_64-debian-gcc, r-devel-linux-x86_64-fedora-clang, r-devel-linux-x86_64-fedora-gcc, r-devel-osx-x86_64-clang, r-devel-windows-ix86+x86_64, r-patched-linux-x86_64, r-patched-solaris-sparc, r-patched-solaris-x86, r-release-linux-ix86, r-release-linux-x86_64, r-release-osx-x86_64-mavericks, r-release-windows-ix86+x86_64

Version: 1.0.1
Check: package dependencies
Result: NOTE
    Package suggested but not available for checking: 'doMC'
Flavors: r-devel-windows-ix86+x86_64, r-release-windows-ix86+x86_64, r-oldrel-windows-ix86+x86_64

Version: 1.0.1
Check: R code for possible problems
Result: NOTE
    steppingstone: no visible global function definition for 'registerDoMC'
Flavor: r-oldrel-windows-ix86+x86_64