CRAN Package Check Results for Package bfp

Last updated on 2015-02-05 23:50:19.

Flavor Version Tinstall Tcheck Ttotal Status Flags
r-devel-linux-x86_64-debian-clang 0.0-27 21.84 51.06 72.90 NOTE
r-devel-linux-x86_64-debian-gcc 0.0-27 26.46 49.89 76.35 NOTE
r-devel-linux-x86_64-fedora-clang 0.0-27 144.70 NOTE
r-devel-linux-x86_64-fedora-gcc 0.0-27 141.15 NOTE
r-devel-osx-x86_64-clang 0.0-27 154.85 NOTE
r-devel-windows-ix86+x86_64 0.0-27 133.00 151.00 284.00 NOTE
r-patched-linux-x86_64 0.0-27 27.49 54.33 81.82 NOTE
r-patched-solaris-sparc 0.0-27 746.00 NOTE --no-tests
r-patched-solaris-x86 0.0-27 195.80 NOTE
r-release-linux-ix86 0.0-27 33.53 70.47 104.00 NOTE
r-release-linux-x86_64 0.0-27 27.11 53.34 80.46 NOTE
r-release-osx-x86_64-mavericks 0.0-27 NOTE
r-release-osx-x86_64-snowleopard 0.0-27 OK
r-release-windows-ix86+x86_64 0.0-27 136.00 161.00 297.00 NOTE
r-oldrel-windows-ix86+x86_64 0.0-27 136.00 170.00 306.00 NOTE

Memtest notes: valgrind valgrind

Check Details

Version: 0.0-27
Check: dependencies in R code
Result: NOTE
    Package in Depends field not imported from: ‘Rcpp’
     These packages need to be imported from (in the NAMESPACE file)
     for when this namespace is loaded but not attached.
Flavors: r-devel-linux-x86_64-debian-clang, r-devel-linux-x86_64-debian-gcc, r-devel-linux-x86_64-fedora-clang, r-devel-linux-x86_64-fedora-gcc, r-devel-osx-x86_64-clang, r-devel-windows-ix86+x86_64

Version: 0.0-27
Check: dependencies in R code
Result: NOTE
    Package in Depends field not imported from: ‘Rcpp’
     These packages need to be imported from (in the NAMESPACE file)
     for when this namespace is loaded but not attached.
    See the information on DESCRIPTION files in the chapter ‘Creating R
    packages’ of the ‘Writing R Extensions’ manual.
Flavors: r-patched-linux-x86_64, r-patched-solaris-x86, r-release-linux-ix86, r-release-linux-x86_64, r-release-osx-x86_64-mavericks, r-release-windows-ix86+x86_64, r-oldrel-windows-ix86+x86_64

Version: 0.0-27
Flags: --no-tests
Check: dependencies in R code
Result: NOTE
    Package in Depends field not imported from: ‘Rcpp’
     These packages need to be imported from (in the NAMESPACE file)
     for when this namespace is loaded but not attached.
    See the information on DESCRIPTION files in the chapter ‘Creating R
    packages’ of the ‘Writing R Extensions’ manual.
Flavor: r-patched-solaris-sparc