CRAN Package Check Results for Package biasbetareg

Last updated on 2015-02-05 23:50:19.

Flavor Version Tinstall Tcheck Ttotal Status Flags
r-devel-linux-x86_64-debian-clang 1.0 1.51 18.45 19.96 NOTE
r-devel-linux-x86_64-debian-gcc 1.0 1.47 17.10 18.57 NOTE
r-devel-linux-x86_64-fedora-clang 1.0 38.81 NOTE
r-devel-linux-x86_64-fedora-gcc 1.0 38.06 NOTE
r-devel-osx-x86_64-clang 1.0 55.22 NOTE
r-devel-windows-ix86+x86_64 1.0 8.00 28.00 36.00 NOTE
r-patched-linux-x86_64 1.0 2.10 24.33 26.43 NOTE
r-patched-solaris-sparc 1.0 308.80 NOTE
r-patched-solaris-x86 1.0 71.60 NOTE
r-release-linux-ix86 1.0 2.44 30.77 33.21 NOTE
r-release-linux-x86_64 1.0 2.06 23.98 26.05 NOTE
r-release-osx-x86_64-mavericks 1.0 NOTE
r-release-osx-x86_64-snowleopard 1.0 OK
r-release-windows-ix86+x86_64 1.0 10.00 41.00 51.00 NOTE
r-oldrel-windows-ix86+x86_64 1.0 9.00 40.00 49.00 NOTE

Check Details

Version: 1.0
Check: dependencies in R code
Result: NOTE
    Package in Depends field not imported from: ‘betareg’
     These packages need to be imported from (in the NAMESPACE file)
     for when this namespace is loaded but not attached.
Flavors: r-devel-linux-x86_64-debian-clang, r-devel-linux-x86_64-debian-gcc, r-devel-linux-x86_64-fedora-clang, r-devel-linux-x86_64-fedora-gcc, r-devel-osx-x86_64-clang, r-devel-windows-ix86+x86_64

Version: 1.0
Check: dependencies in R code
Result: NOTE
    Package in Depends field not imported from: ‘betareg’
     These packages need to be imported from (in the NAMESPACE file)
     for when this namespace is loaded but not attached.
    See the information on DESCRIPTION files in the chapter ‘Creating R
    packages’ of the ‘Writing R Extensions’ manual.
Flavors: r-patched-linux-x86_64, r-patched-solaris-sparc, r-patched-solaris-x86, r-release-linux-ix86, r-release-linux-x86_64, r-release-osx-x86_64-mavericks, r-release-windows-ix86+x86_64, r-oldrel-windows-ix86+x86_64