Last updated on 2015-02-05 23:50:19.
Flavor | Version | Tinstall | Tcheck | Ttotal | Status | Flags |
---|---|---|---|---|---|---|
r-devel-linux-x86_64-debian-clang | 0.8.4 | 1.63 | 13.77 | 15.40 | NOTE | |
r-devel-linux-x86_64-debian-gcc | 0.8.4 | 1.65 | 13.42 | 15.07 | NOTE | |
r-devel-linux-x86_64-fedora-clang | 0.8.4 | 30.41 | NOTE | |||
r-devel-linux-x86_64-fedora-gcc | 0.8.4 | 28.47 | NOTE | |||
r-devel-osx-x86_64-clang | 0.8.4 | 46.51 | NOTE | |||
r-devel-windows-ix86+x86_64 | 0.8.4 | 1.00 | 2.00 | 3.00 | ERROR | |
r-patched-linux-x86_64 | 0.8.4 | 1.92 | 16.39 | 18.30 | NOTE | |
r-patched-solaris-sparc | 0.8.4 | 21.50 | ERROR | |||
r-patched-solaris-x86 | 0.8.4 | 51.50 | NOTE | |||
r-release-linux-ix86 | 0.8.4 | 2.52 | 23.93 | 26.45 | NOTE | |
r-release-linux-x86_64 | 0.8.4 | 1.89 | 16.24 | 18.13 | NOTE | |
r-release-osx-x86_64-mavericks | 0.8.4 | NOTE | ||||
r-release-osx-x86_64-snowleopard | 0.8.4 | OK |
Memtest notes: UBSAN-gcc
Version: 0.8.4
Check: R code for possible problems
Result: NOTE
anon_matrix: no visible global function definition for
‘filebacked.big.matrix’
Flavors: r-devel-linux-x86_64-debian-clang, r-devel-linux-x86_64-debian-gcc, r-devel-linux-x86_64-fedora-clang, r-devel-linux-x86_64-fedora-gcc, r-devel-osx-x86_64-clang, r-patched-linux-x86_64, r-patched-solaris-x86, r-release-linux-ix86, r-release-linux-x86_64, r-release-osx-x86_64-mavericks
Version: 0.8.4
Check: package dependencies
Result: ERROR
Package required but not available: 'bigmemory'
See the information on DESCRIPTION files in the chapter 'Creating R
packages' of the 'Writing R Extensions' manual.
Flavors: r-devel-windows-ix86+x86_64, r-patched-solaris-sparc