CRAN Package Check Results for Package bigmemory

Last updated on 2015-02-05 23:50:19.

Flavor Version Tinstall Tcheck Ttotal Status Flags
r-devel-linux-x86_64-debian-clang 4.4.6 14.03 15.88 29.90 NOTE
r-devel-linux-x86_64-debian-gcc 4.4.6 17.80 16.21 34.01 NOTE
r-devel-linux-x86_64-fedora-clang 4.4.6 59.90 NOTE
r-devel-linux-x86_64-fedora-gcc 4.4.6 61.38 NOTE
r-devel-osx-x86_64-clang 4.4.6 65.91 NOTE
r-patched-linux-x86_64 4.4.6 18.05 17.61 35.66 NOTE
r-patched-solaris-sparc 4.4.6 256.70 ERROR
r-patched-solaris-x86 4.4.6 94.90 NOTE
r-release-linux-ix86 4.4.6 24.13 24.98 49.11 NOTE
r-release-linux-x86_64 4.4.6 18.05 18.42 36.47 NOTE
r-release-osx-x86_64-mavericks 4.4.6 NOTE
r-release-osx-x86_64-snowleopard 4.4.6 NOTE

Memtest notes: UBSAN UBSAN-clang-trunk valgrind

Check Details

Version: 4.4.6
Check: compiled code
Result: NOTE
    File ‘bigmemory/libs/bigmemory.so’:
     Found ‘rand’, possibly from ‘rand’ (C)
     Object: ‘BigMatrix.o’
    
    Compiled code should not call entry points which might terminate R nor
    write to stdout/stderr instead of to the console, nor the system RNG.
    
    See ‘Writing portable packages’ in the ‘Writing R Extensions’ manual.
Flavors: r-devel-linux-x86_64-debian-clang, r-devel-linux-x86_64-debian-gcc, r-devel-linux-x86_64-fedora-clang, r-devel-linux-x86_64-fedora-gcc, r-patched-linux-x86_64, r-patched-solaris-x86

Version: 4.4.6
Check: compiled code
Result: NOTE
    File ‘bigmemory/libs/bigmemory.so’:
     Found ‘_rand’, possibly from ‘rand’ (C)
     Object: ‘BigMatrix.o’
    
    Compiled code should not call entry points which might terminate R nor
    write to stdout/stderr instead of to the console, nor the system RNG.
    
    See ‘Writing portable packages’ in the ‘Writing R Extensions’ manual.
Flavors: r-devel-osx-x86_64-clang, r-release-osx-x86_64-mavericks

Version: 4.4.6
Check: package dependencies
Result: NOTE
    Packages which this enhances but not available for checking:
     ‘biganalytics’ ‘bigtabulate’
Flavor: r-patched-solaris-sparc

Version: 4.4.6
Check: whether package can be installed
Result: ERROR
    Installation failed.
Flavor: r-patched-solaris-sparc

Version: 4.4.6
Check: compiled code
Result: NOTE
    File ‘bigmemory/libs/bigmemory.so’:
     Found ‘rand’, possibly from ‘rand’ (C)
     Object: ‘BigMatrix.o’
    
    Compiled code should not call entry points which might terminate R nor
    write to stdout/stderr instead of to the console, nor the C RNG.
    
    See ‘Writing portable packages’ in the ‘Writing R Extensions’ manual.
Flavors: r-release-linux-ix86, r-release-linux-x86_64

Version: 4.4.6
Check: package dependencies
Result: NOTE
    Packages which this enhances but not available for checking:
     'bigtabulate' 'synchronicity'
Flavor: r-release-osx-x86_64-snowleopard