Last updated on 2015-02-05 23:50:19.
Flavor | Version | Tinstall | Tcheck | Ttotal | Status | Flags |
---|---|---|---|---|---|---|
r-devel-linux-x86_64-debian-clang | 0.1-11 | 4.31 | 36.35 | 40.66 | OK | |
r-devel-linux-x86_64-debian-gcc | 0.1-11 | 5.15 | 36.65 | 41.80 | OK | |
r-devel-linux-x86_64-fedora-clang | 0.1-11 | 78.11 | OK | |||
r-devel-linux-x86_64-fedora-gcc | 0.1-11 | 78.53 | OK | |||
r-devel-osx-x86_64-clang | 0.1-11 | 106.25 | OK | |||
r-patched-linux-x86_64 | 0.1-11 | 5.69 | 42.08 | 47.77 | OK | |
r-patched-solaris-sparc | 0.1-11 | 21.50 | ERROR | |||
r-patched-solaris-x86 | 0.1-11 | 125.00 | OK | |||
r-release-linux-ix86 | 0.1-11 | 6.66 | 46.60 | 53.26 | OK | |
r-release-linux-x86_64 | 0.1-11 | 5.69 | 43.98 | 49.68 | OK | |
r-release-osx-x86_64-mavericks | 0.1-11 | OK | ||||
r-release-osx-x86_64-snowleopard | 0.1-11 | OK | ||||
r-oldrel-windows-ix86+x86_64 | 0.1-1 | 0.00 | 1.00 | 1.00 | ERROR |
Memtest notes: UBSAN-gcc
Version: 0.1-11
Check: package dependencies
Result: ERROR
Package required but not available: ‘bigmemory’
See the information on DESCRIPTION files in the chapter ‘Creating R
packages’ of the ‘Writing R Extensions’ manual.
Flavor: r-patched-solaris-sparc
Version: 0.1-1
Check: package dependencies
Result: ERROR
Package required but not available: 'bigmemory'
Packages suggested but not available for checking: 'doMC' 'doMPI'
Package which this enhances but not available for checking: 'bigmemory'
See the information on DESCRIPTION files in the chapter 'Creating R
packages' of the 'Writing R Extensions' manual.
Flavor: r-oldrel-windows-ix86+x86_64