Last updated on 2015-02-05 23:50:19.
Flavor | Version | Tinstall | Tcheck | Ttotal | Status | Flags |
---|---|---|---|---|---|---|
r-devel-linux-x86_64-debian-clang | 0.0-6 | 0.59 | 15.67 | 16.26 | NOTE | |
r-devel-linux-x86_64-debian-gcc | 0.0-6 | 0.58 | 16.28 | 16.86 | NOTE | |
r-devel-linux-x86_64-fedora-clang | 0.0-6 | 30.19 | NOTE | |||
r-devel-linux-x86_64-fedora-gcc | 0.0-6 | 28.58 | NOTE | |||
r-devel-osx-x86_64-clang | 0.0-6 | 31.38 | NOTE | |||
r-devel-windows-ix86+x86_64 | 0.0-6 | 4.00 | 25.00 | 29.00 | OK | |
r-patched-linux-x86_64 | 0.0-6 | 0.62 | 16.94 | 17.57 | OK | |
r-patched-solaris-sparc | 0.0-6 | 215.80 | OK | |||
r-patched-solaris-x86 | 0.0-6 | 46.80 | OK | |||
r-release-linux-ix86 | 0.0-6 | 0.89 | 23.40 | 24.29 | OK | |
r-release-linux-x86_64 | 0.0-6 | 0.62 | 17.57 | 18.19 | OK | |
r-release-osx-x86_64-mavericks | 0.0-6 | OK | ||||
r-release-windows-ix86+x86_64 | 0.0-6 | 3.00 | 25.00 | 28.00 | OK | |
r-oldrel-windows-ix86+x86_64 | 0.0-6 | 3.00 | 26.00 | 29.00 | OK |
Version: 0.0-6
Check: S3 generic/method consistency
Result: NOTE
Found the following apparent S3 methods exported but not registered:
binMto.default binMto.formula
See section ‘Registering S3 methods’ in the ‘Writing R Extensions’
manual.
Flavors: r-devel-linux-x86_64-debian-clang, r-devel-linux-x86_64-debian-gcc, r-devel-linux-x86_64-fedora-clang, r-devel-linux-x86_64-fedora-gcc, r-devel-osx-x86_64-clang