Last updated on 2015-02-05 23:50:19.
Flavor | Version | Tinstall | Tcheck | Ttotal | Status | Flags |
---|---|---|---|---|---|---|
r-devel-linux-x86_64-debian-clang | 1.0.1 | 0.58 | 9.84 | 10.42 | NOTE | |
r-devel-linux-x86_64-debian-gcc | 1.0.1 | 0.60 | 9.61 | 10.21 | NOTE | |
r-devel-linux-x86_64-fedora-clang | 1.0.1 | 18.59 | NOTE | |||
r-devel-linux-x86_64-fedora-gcc | 1.0.1 | 18.05 | NOTE | |||
r-devel-osx-x86_64-clang | 1.0.1 | 24.41 | NOTE | |||
r-devel-windows-ix86+x86_64 | 1.0.1 | 3.00 | 17.00 | 20.00 | OK | |
r-patched-linux-x86_64 | 1.0.1 | 0.68 | 10.52 | 11.20 | OK | |
r-patched-solaris-sparc | 1.0.1 | 142.50 | OK | |||
r-patched-solaris-x86 | 1.0.1 | 32.60 | OK | |||
r-release-linux-ix86 | 1.0.1 | 0.95 | 16.49 | 17.44 | OK | |
r-release-linux-x86_64 | 1.0.1 | 0.68 | 11.01 | 11.69 | OK | |
r-release-osx-x86_64-mavericks | 1.0.1 | OK | ||||
r-release-osx-x86_64-snowleopard | 1.0.1 | OK | ||||
r-release-windows-ix86+x86_64 | 1.0.1 | 5.00 | 19.00 | 24.00 | OK | |
r-oldrel-windows-ix86+x86_64 | 1.0.1 | 4.00 | 30.00 | 34.00 | OK |
Version: 1.0.1
Check: S3 generic/method consistency
Result: NOTE
Found the following apparent S3 methods exported but not registered:
plot.binda.ranking predict.binda
See section ‘Registering S3 methods’ in the ‘Writing R Extensions’
manual.
Flavors: r-devel-linux-x86_64-debian-clang, r-devel-linux-x86_64-debian-gcc, r-devel-linux-x86_64-fedora-clang, r-devel-linux-x86_64-fedora-gcc, r-devel-osx-x86_64-clang