CRAN Package Check Results for Package binhf

Last updated on 2015-02-05 23:50:19.

Flavor Version Tinstall Tcheck Ttotal Status Flags
r-devel-linux-x86_64-debian-clang 1.0-1 0.96 19.92 20.88 NOTE
r-devel-linux-x86_64-debian-gcc 1.0-1 0.86 18.42 19.28 NOTE
r-devel-linux-x86_64-fedora-clang 1.0-1 36.97 NOTE
r-devel-linux-x86_64-fedora-gcc 1.0-1 36.07 NOTE
r-devel-osx-x86_64-clang 1.0-1 57.08 NOTE
r-devel-windows-ix86+x86_64 1.0-1 5.00 30.00 35.00 NOTE
r-patched-linux-x86_64 1.0-1 0.98 21.52 22.50 NOTE
r-patched-solaris-sparc 1.0-1 281.10 NOTE
r-patched-solaris-x86 1.0-1 59.50 NOTE
r-release-linux-ix86 1.0-1 1.36 31.57 32.93 NOTE
r-release-linux-x86_64 1.0-1 0.99 22.27 23.26 NOTE
r-release-osx-x86_64-mavericks 1.0-1 NOTE
r-release-osx-x86_64-snowleopard 1.0-1 OK
r-release-windows-ix86+x86_64 1.0-1 8.00 36.00 44.00 NOTE
r-oldrel-windows-ix86+x86_64 1.0-1 7.00 55.00 62.00 OK

Check Details

Version: 1.0-1
Check: R code for possible problems
Result: NOTE
    ebayesthresh.wavelet.wd: no visible global function definition for
     ‘ebayesthresh’
    hfdenoise: no visible global function definition for
     ‘ebayesthresh.wavelet’
    negloglik.laplace: no visible global function definition for ‘wfromt’
    negloglik.laplace: no visible global function definition for
     ‘beta.laplace’
    wandafromx: no visible global function definition for ‘wfromt’
Flavors: r-devel-linux-x86_64-debian-clang, r-devel-linux-x86_64-debian-gcc, r-devel-linux-x86_64-fedora-clang, r-devel-linux-x86_64-fedora-gcc, r-devel-osx-x86_64-clang, r-devel-windows-ix86+x86_64, r-patched-linux-x86_64, r-patched-solaris-sparc, r-patched-solaris-x86, r-release-linux-ix86, r-release-linux-x86_64, r-release-osx-x86_64-mavericks, r-release-windows-ix86+x86_64