CRAN Package Check Results for Package bit

Last updated on 2015-02-05 23:50:19.

Flavor Version Tinstall Tcheck Ttotal Status Flags
r-devel-linux-x86_64-debian-clang 1.1-12 2.78 16.97 19.76 NOTE
r-devel-linux-x86_64-debian-gcc 1.1-12 2.84 16.68 19.52 NOTE
r-devel-linux-x86_64-fedora-clang 1.1-12 36.84 NOTE
r-devel-linux-x86_64-fedora-gcc 1.1-12 34.70 NOTE
r-devel-osx-x86_64-clang 1.1-12 39.70 NOTE
r-devel-windows-ix86+x86_64 1.1-12 16.00 33.00 49.00 OK
r-patched-linux-x86_64 1.1-12 3.18 17.34 20.52 OK
r-patched-solaris-sparc 1.1-12 235.20 OK
r-patched-solaris-x86 1.1-12 53.50 OK
r-release-linux-ix86 1.1-12 3.54 24.20 27.74 OK
r-release-linux-x86_64 1.1-12 3.05 18.15 21.20 OK
r-release-osx-x86_64-mavericks 1.1-12 OK
r-release-osx-x86_64-snowleopard 1.1-12 OK
r-release-windows-ix86+x86_64 1.1-12 12.00 33.00 45.00 OK
r-oldrel-windows-ix86+x86_64 1.1-12 10.00 31.00 41.00 OK

Check Details

Version: 1.1-12
Check: S3 generic/method consistency
Result: NOTE
    Found the following apparent S3 methods exported but not registered:
     rev.rlepack unique.rlepack xor.default
    See section ‘Registering S3 methods’ in the ‘Writing R Extensions’
    manual.
Flavors: r-devel-linux-x86_64-debian-clang, r-devel-linux-x86_64-fedora-clang, r-devel-linux-x86_64-fedora-gcc, r-devel-osx-x86_64-clang

Version: 1.1-12
Check: S3 generic/method consistency
Result: NOTE
    Found the following apparent S3 methods exported but not registered:
     xor.default rev.rlepack unique.rlepack
    See section ‘Registering S3 methods’ in the ‘Writing R Extensions’
    manual.
Flavor: r-devel-linux-x86_64-debian-gcc