Last updated on 2015-02-05 23:50:19.
Flavor | Version | Tinstall | Tcheck | Ttotal | Status | Flags |
---|---|---|---|---|---|---|
r-devel-linux-x86_64-debian-clang | 1.2 | 0.50 | 8.90 | 9.39 | NOTE | |
r-devel-linux-x86_64-debian-gcc | 1.2 | 0.49 | 8.72 | 9.20 | NOTE | |
r-devel-linux-x86_64-fedora-clang | 1.2 | 18.00 | NOTE | |||
r-devel-linux-x86_64-fedora-gcc | 1.2 | 16.68 | NOTE | |||
r-devel-osx-x86_64-clang | 1.2 | 31.37 | NOTE | |||
r-devel-windows-ix86+x86_64 | 1.2 | 2.00 | 15.00 | 17.00 | NOTE | |
r-patched-linux-x86_64 | 1.2 | 0.60 | 9.21 | 9.81 | NOTE | |
r-patched-solaris-sparc | 1.2 | 112.00 | NOTE | |||
r-patched-solaris-x86 | 1.2 | 30.30 | NOTE | |||
r-release-linux-ix86 | 1.2 | 0.78 | 15.08 | 15.86 | NOTE | |
r-release-linux-x86_64 | 1.2 | 0.58 | 9.50 | 10.08 | NOTE | |
r-release-osx-x86_64-mavericks | 1.2 | NOTE | ||||
r-release-windows-ix86+x86_64 | 1.2 | 2.00 | 16.00 | 18.00 | NOTE | |
r-oldrel-windows-ix86+x86_64 | 1.2 | 2.00 | 16.00 | 18.00 | NOTE |
Version: 1.2
Check: Rd files
Result: NOTE
prepare_Rd: bivarcalcn.Rd:49-50: Dropping empty section \details
prepare_Rd: bivarcalcn.Rd:59-61: Dropping empty section \note
prepare_Rd: bivarcalcn.Rd:65-67: Dropping empty section \seealso
Flavors: r-devel-linux-x86_64-debian-clang, r-devel-linux-x86_64-debian-gcc, r-devel-linux-x86_64-fedora-clang, r-devel-linux-x86_64-fedora-gcc, r-devel-osx-x86_64-clang, r-devel-windows-ix86+x86_64, r-patched-linux-x86_64, r-patched-solaris-sparc, r-patched-solaris-x86, r-release-linux-ix86, r-release-linux-x86_64, r-release-osx-x86_64-mavericks, r-release-windows-ix86+x86_64, r-oldrel-windows-ix86+x86_64