CRAN Package Check Results for Package bootES

Last updated on 2015-02-05 23:50:19.

Flavor Version Tinstall Tcheck Ttotal Status Flags
r-devel-linux-x86_64-debian-clang 1.01 0.52 9.97 10.49 NOTE
r-devel-linux-x86_64-debian-gcc 1.01 0.52 10.04 10.56 NOTE
r-devel-linux-x86_64-fedora-clang 1.01 20.96 NOTE
r-devel-linux-x86_64-fedora-gcc 1.01 18.72 NOTE
r-devel-osx-x86_64-clang 1.01 28.85 NOTE
r-devel-windows-ix86+x86_64 1.01 3.00 17.00 20.00 NOTE
r-patched-linux-x86_64 1.01 0.59 11.03 11.62 NOTE
r-patched-solaris-sparc 1.01 125.10 NOTE
r-patched-solaris-x86 1.01 32.10 NOTE
r-release-linux-ix86 1.01 0.84 16.38 17.22 NOTE
r-release-linux-x86_64 1.01 0.58 11.24 11.83 NOTE
r-release-osx-x86_64-mavericks 1.01 NOTE
r-release-windows-ix86+x86_64 1.01 5.00 19.00 24.00 NOTE
r-oldrel-windows-ix86+x86_64 1.01 4.00 28.00 32.00 NOTE

Check Details

Version: 1.01
Check: dependencies in R code
Result: NOTE
    Namespaces in Imports field not imported from:
     ‘graphics’ ‘stats’
     All declared Imports should be used.
    Package in Depends field not imported from: ‘boot’
     These packages need to be imported from (in the NAMESPACE file)
     for when this namespace is loaded but not attached.
Flavors: r-devel-linux-x86_64-debian-clang, r-devel-linux-x86_64-debian-gcc, r-devel-linux-x86_64-fedora-clang, r-devel-linux-x86_64-fedora-gcc, r-devel-osx-x86_64-clang, r-devel-windows-ix86+x86_64

Version: 1.01
Check: R code for possible problems
Result: NOTE
    bootES: no visible global function definition for ‘boot’
    bootES: no visible global function definition for ‘boot.ci’
Flavors: r-devel-linux-x86_64-debian-clang, r-devel-linux-x86_64-debian-gcc, r-devel-linux-x86_64-fedora-clang, r-devel-linux-x86_64-fedora-gcc, r-devel-osx-x86_64-clang, r-devel-windows-ix86+x86_64, r-patched-linux-x86_64, r-patched-solaris-sparc, r-patched-solaris-x86, r-release-linux-ix86, r-release-linux-x86_64, r-release-osx-x86_64-mavericks, r-release-windows-ix86+x86_64

Version: 1.01
Check: dependencies in R code
Result: NOTE
    Namespaces in Imports field not imported from:
     ‘graphics’ ‘stats’
     All declared Imports should be used.
    Package in Depends field not imported from: ‘boot’
     These packages need to be imported from (in the NAMESPACE file)
     for when this namespace is loaded but not attached.
    See the information on DESCRIPTION files in the chapter ‘Creating R
    packages’ of the ‘Writing R Extensions’ manual.
Flavors: r-patched-linux-x86_64, r-patched-solaris-sparc, r-patched-solaris-x86, r-release-linux-ix86, r-release-linux-x86_64, r-release-osx-x86_64-mavericks, r-release-windows-ix86+x86_64, r-oldrel-windows-ix86+x86_64