CRAN Package Check Results for Package brainwaver

Last updated on 2015-02-05 23:50:19.

Flavor Version Tinstall Tcheck Ttotal Status Flags
r-devel-linux-x86_64-debian-clang 1.6 1.32 16.47 17.80 NOTE
r-devel-linux-x86_64-debian-gcc 1.6 1.38 16.37 17.74 NOTE
r-devel-linux-x86_64-fedora-clang 1.6 32.82 NOTE
r-devel-linux-x86_64-fedora-gcc 1.6 31.75 NOTE
r-devel-osx-x86_64-clang 1.6 40.38 NOTE
r-devel-windows-ix86+x86_64 1.6 10.00 37.00 47.00 NOTE
r-patched-linux-x86_64 1.6 1.40 17.71 19.11 NOTE
r-patched-solaris-sparc 1.6 223.20 NOTE
r-patched-solaris-x86 1.6 52.10 NOTE
r-release-linux-ix86 1.6 1.94 24.85 26.79 NOTE
r-release-linux-x86_64 1.6 1.40 17.96 19.37 NOTE
r-release-osx-x86_64-mavericks 1.6 NOTE
r-release-osx-x86_64-snowleopard 1.6 NOTE
r-release-windows-ix86+x86_64 1.6 7.00 36.00 43.00 NOTE
r-oldrel-windows-ix86+x86_64 1.6 7.00 36.00 43.00 NOTE

Check Details

Version: 1.6
Check: dependencies in R code
Result: NOTE
    Package in Depends field not imported from: ‘waveslim’
     These packages need to be imported from (in the NAMESPACE file)
     for when this namespace is loaded but not attached.
Flavors: r-devel-linux-x86_64-debian-clang, r-devel-linux-x86_64-debian-gcc, r-devel-linux-x86_64-fedora-clang, r-devel-linux-x86_64-fedora-gcc, r-devel-osx-x86_64-clang, r-devel-windows-ix86+x86_64

Version: 1.6
Check: R code for possible problems
Result: NOTE
    NB: .First.lib is obsolete and will not be used in R >= 3.0.0
    
    const.cor.list: no visible global function definition for
     ‘wave.correlation’
    const.var.list: no visible global function definition for
     ‘wave.variance’
    wave.trans: no visible global function definition for ‘dwt’
    wave.trans: no visible global function definition for ‘modwt’
    wave.trans: no visible global function definition for ‘brick.wall’
Flavors: r-devel-linux-x86_64-debian-clang, r-devel-linux-x86_64-debian-gcc, r-devel-linux-x86_64-fedora-clang, r-devel-linux-x86_64-fedora-gcc, r-devel-osx-x86_64-clang, r-devel-windows-ix86+x86_64, r-patched-linux-x86_64, r-patched-solaris-sparc, r-patched-solaris-x86, r-release-linux-ix86, r-release-linux-x86_64, r-release-osx-x86_64-mavericks, r-release-windows-ix86+x86_64

Version: 1.6
Check: compiled code
Result: NOTE
    File ‘brainwaver/libs/brainwaver.so’:
     Found ‘rand’, possibly from ‘rand’ (C)
     Object: ‘connexity_small_world.o’
    
    Compiled code should not call entry points which might terminate R nor
    write to stdout/stderr instead of to the console, nor the system RNG.
    
    See ‘Writing portable packages’ in the ‘Writing R Extensions’ manual.
Flavors: r-devel-linux-x86_64-debian-clang, r-devel-linux-x86_64-debian-gcc, r-devel-linux-x86_64-fedora-clang, r-devel-linux-x86_64-fedora-gcc, r-patched-linux-x86_64, r-patched-solaris-sparc, r-patched-solaris-x86

Version: 1.6
Check: compiled code
Result: NOTE
    File ‘brainwaver/libs/brainwaver.so’:
     Found ‘_rand’, possibly from ‘rand’ (C)
     Object: ‘connexity_small_world.o’
    
    Compiled code should not call entry points which might terminate R nor
    write to stdout/stderr instead of to the console, nor the system RNG.
    
    See ‘Writing portable packages’ in the ‘Writing R Extensions’ manual.
Flavors: r-devel-osx-x86_64-clang, r-release-osx-x86_64-mavericks

Version: 1.6
Check: compiled code
Result: NOTE
    File 'brainwaver/libs/i386/brainwaver.dll':
     Found 'rand', possibly from 'rand' (C)
     Object: 'connexity_small_world.o'
    File 'brainwaver/libs/x64/brainwaver.dll':
     Found 'rand', possibly from 'rand' (C)
     Object: 'connexity_small_world.o'
    
    Compiled code should not call entry points which might terminate R nor
    write to stdout/stderr instead of to the console, nor the system RNG.
    
    See 'Writing portable packages' in the 'Writing R Extensions' manual.
Flavor: r-devel-windows-ix86+x86_64

Version: 1.6
Check: dependencies in R code
Result: NOTE
    Package in Depends field not imported from: ‘waveslim’
     These packages need to be imported from (in the NAMESPACE file)
     for when this namespace is loaded but not attached.
    See the information on DESCRIPTION files in the chapter ‘Creating R
    packages’ of the ‘Writing R Extensions’ manual.
Flavors: r-patched-linux-x86_64, r-patched-solaris-sparc, r-patched-solaris-x86, r-release-linux-ix86, r-release-linux-x86_64, r-release-osx-x86_64-mavericks, r-release-windows-ix86+x86_64, r-oldrel-windows-ix86+x86_64

Version: 1.6
Check: compiled code
Result: NOTE
    File ‘brainwaver/libs/brainwaver.so’:
     Found ‘rand’, possibly from ‘rand’ (C)
     Object: ‘connexity_small_world.o’
    
    Compiled code should not call entry points which might terminate R nor
    write to stdout/stderr instead of to the console, nor the C RNG.
    
    See ‘Writing portable packages’ in the ‘Writing R Extensions’ manual.
Flavors: r-release-linux-ix86, r-release-linux-x86_64

Version: 1.6
Check: R code for possible problems
Result: NOTE
    NB: .First.lib is obsolete and will not be used in R >= 3.0.0
Flavors: r-release-osx-x86_64-snowleopard, r-oldrel-windows-ix86+x86_64

Version: 1.6
Check: compiled code
Result: NOTE
    File 'brainwaver/libs/i386/brainwaver.dll':
     Found 'rand', possibly from 'rand' (C)
     Object: 'connexity_small_world.o'
    File 'brainwaver/libs/x64/brainwaver.dll':
     Found 'rand', possibly from 'rand' (C)
     Object: 'connexity_small_world.o'
    
    Compiled code should not call entry points which might terminate R nor
    write to stdout/stderr instead of to the console, nor the C RNG.
    
    See 'Writing portable packages' in the 'Writing R Extensions' manual.
Flavor: r-release-windows-ix86+x86_64