Last updated on 2015-02-05 23:50:20.
Flavor | Version | Tinstall | Tcheck | Ttotal | Status | Flags |
---|---|---|---|---|---|---|
r-devel-linux-x86_64-debian-clang | 0.58 | 0.70 | 18.40 | 19.10 | NOTE | |
r-devel-linux-x86_64-debian-gcc | 0.58 | 0.70 | 17.31 | 18.00 | NOTE | |
r-devel-linux-x86_64-fedora-clang | 0.58 | 35.78 | NOTE | |||
r-devel-linux-x86_64-fedora-gcc | 0.58 | 33.44 | NOTE | |||
r-devel-osx-x86_64-clang | 0.58 | 44.59 | NOTE | |||
r-devel-windows-ix86+x86_64 | 0.58 | 4.00 | 27.00 | 31.00 | NOTE | |
r-patched-linux-x86_64 | 0.58 | 0.74 | 18.54 | 19.27 | OK | |
r-patched-solaris-sparc | 0.58 | 201.90 | OK | |||
r-patched-solaris-x86 | 0.58 | 49.60 | OK | |||
r-release-linux-ix86 | 0.58 | 1.06 | 25.74 | 26.80 | OK | |
r-release-linux-x86_64 | 0.58 | 0.75 | 19.60 | 20.35 | OK | |
r-release-osx-x86_64-mavericks | 0.58 | OK | ||||
r-release-osx-x86_64-snowleopard | 0.58 | OK | ||||
r-release-windows-ix86+x86_64 | 0.58 | 4.00 | 31.00 | 35.00 | OK | |
r-oldrel-windows-ix86+x86_64 | 0.58 | 4.00 | 34.00 | 38.00 | OK |
Version: 0.58
Check: dependencies in R code
Result: NOTE
'library' or 'require' call to ‘rgl’ in package code.
Please use :: or requireNamespace() instead.
See section 'Suggested packages' in the 'Writing R Extensions' manual.
Flavors: r-devel-linux-x86_64-debian-clang, r-devel-linux-x86_64-debian-gcc, r-devel-linux-x86_64-fedora-clang, r-devel-linux-x86_64-fedora-gcc, r-devel-osx-x86_64-clang, r-devel-windows-ix86+x86_64