CRAN Package Check Results for Package calmate

Last updated on 2015-02-05 23:50:20.

Flavor Version Tinstall Tcheck Ttotal Status Flags
r-devel-linux-x86_64-debian-clang 0.11.0 2.24 31.73 33.97 NOTE
r-devel-linux-x86_64-debian-gcc 0.11.0 1.94 29.73 31.67 NOTE
r-devel-linux-x86_64-fedora-clang 0.11.0 68.42 NOTE
r-devel-linux-x86_64-fedora-gcc 0.11.0 61.68 NOTE
r-devel-osx-x86_64-clang 0.11.0 68.89 NOTE
r-devel-windows-ix86+x86_64 0.11.0 10.00 51.00 61.00 NOTE
r-patched-linux-x86_64 0.11.0 2.60 41.33 43.93 NOTE
r-patched-solaris-sparc 0.11.0 509.50 NOTE
r-patched-solaris-x86 0.11.0 117.00 NOTE
r-release-linux-ix86 0.11.0 3.00 51.01 54.01 NOTE
r-release-linux-x86_64 0.11.0 2.43 41.86 44.28 NOTE
r-release-osx-x86_64-mavericks 0.11.0 NOTE
r-release-osx-x86_64-snowleopard 0.11.0 OK
r-release-windows-ix86+x86_64 0.11.0 19.00 80.00 99.00 NOTE
r-oldrel-windows-ix86+x86_64 0.11.0 14.00 78.00 92.00 OK

Check Details

Version: 0.11.0
Check: R code for possible problems
Result: NOTE
    process.CalMaTeCalibration: no visible binding for global variable
     ‘aromaSettings’
Flavors: r-devel-linux-x86_64-debian-clang, r-devel-linux-x86_64-debian-gcc, r-devel-linux-x86_64-fedora-clang, r-devel-linux-x86_64-fedora-gcc, r-devel-osx-x86_64-clang, r-devel-windows-ix86+x86_64, r-patched-linux-x86_64, r-patched-solaris-sparc, r-patched-solaris-x86, r-release-linux-ix86, r-release-linux-x86_64, r-release-osx-x86_64-mavericks, r-release-windows-ix86+x86_64