CRAN Package Check Results for Package catR

Last updated on 2015-02-05 23:50:20.

Flavor Version Tinstall Tcheck Ttotal Status Flags
r-devel-linux-x86_64-debian-clang 3.4 1.38 20.32 21.70 NOTE
r-devel-linux-x86_64-debian-gcc 3.4 0.99 19.58 20.57 NOTE
r-devel-linux-x86_64-fedora-clang 3.4 39.87 NOTE
r-devel-linux-x86_64-fedora-gcc 3.4 37.88 NOTE
r-devel-osx-x86_64-clang 3.4 41.04 NOTE
r-devel-windows-ix86+x86_64 3.4 5.00 31.00 36.00 OK
r-patched-linux-x86_64 3.4 1.12 22.55 23.67 OK
r-patched-solaris-sparc 3.4 246.20 OK
r-patched-solaris-x86 3.4 56.70 OK
r-release-linux-ix86 3.4 1.45 27.90 29.35 OK
r-release-linux-x86_64 3.4 1.43 21.14 22.57 OK
r-release-osx-x86_64-mavericks 3.4 OK
r-release-osx-x86_64-snowleopard 3.4 OK
r-release-windows-ix86+x86_64 3.4 5.00 37.00 42.00 OK
r-oldrel-windows-ix86+x86_64 3.4 4.00 37.00 41.00 OK

Check Details

Version: 3.4
Check: S3 generic/method consistency
Result: NOTE
    Found the following apparent S3 methods exported but not registered:
     plot.cat plot.catResult print.cat print.catResult
    See section ‘Registering S3 methods’ in the ‘Writing R Extensions’
    manual.
Flavors: r-devel-linux-x86_64-debian-clang, r-devel-linux-x86_64-fedora-clang, r-devel-linux-x86_64-fedora-gcc, r-devel-osx-x86_64-clang

Version: 3.4
Check: S3 generic/method consistency
Result: NOTE
    Found the following apparent S3 methods exported but not registered:
     print.cat print.catResult plot.cat plot.catResult
    See section ‘Registering S3 methods’ in the ‘Writing R Extensions’
    manual.
Flavor: r-devel-linux-x86_64-debian-gcc