Last updated on 2015-02-05 23:50:20.
Flavor | Version | Tinstall | Tcheck | Ttotal | Status | Flags |
---|---|---|---|---|---|---|
r-devel-linux-x86_64-debian-clang | 0.1-5 | 2.10 | 8.40 | 10.50 | NOTE | |
r-devel-linux-x86_64-debian-gcc | 0.1-5 | 2.06 | 8.28 | 10.34 | NOTE | |
r-devel-linux-x86_64-fedora-clang | 0.1-5 | 18.70 | NOTE | |||
r-devel-linux-x86_64-fedora-gcc | 0.1-5 | 16.81 | NOTE | |||
r-devel-osx-x86_64-clang | 0.1-5 | 26.80 | NOTE | |||
r-devel-windows-ix86+x86_64 | 0.1-5 | 13.00 | 17.00 | 30.00 | NOTE | |
r-patched-linux-x86_64 | 0.1-5 | 2.12 | 8.82 | 10.93 | NOTE | |
r-patched-solaris-sparc | 0.1-5 | 123.80 | NOTE | |||
r-patched-solaris-x86 | 0.1-5 | 34.00 | NOTE | |||
r-release-linux-ix86 | 0.1-5 | 2.54 | 14.64 | 17.18 | NOTE | |
r-release-linux-x86_64 | 0.1-5 | 2.21 | 8.97 | 11.18 | NOTE | |
r-release-osx-x86_64-mavericks | 0.1-5 | NOTE | ||||
r-release-osx-x86_64-snowleopard | 0.1-5 | NOTE | ||||
r-release-windows-ix86+x86_64 | 0.1-5 | 11.00 | 20.00 | 31.00 | NOTE | |
r-oldrel-windows-ix86+x86_64 | 0.1-5 | 10.00 | 21.00 | 31.00 | NOTE |
Version: 0.1-5
Check: installed package size
Result: NOTE
installed size is 9.5Mb
sub-directories of 1Mb or more:
extdata 9.3Mb
Flavors: r-devel-linux-x86_64-debian-clang, r-devel-linux-x86_64-debian-gcc, r-devel-linux-x86_64-fedora-clang, r-devel-linux-x86_64-fedora-gcc, r-devel-osx-x86_64-clang, r-devel-windows-ix86+x86_64, r-patched-linux-x86_64, r-patched-solaris-sparc, r-patched-solaris-x86, r-release-linux-ix86, r-release-linux-x86_64, r-release-osx-x86_64-mavericks, r-release-osx-x86_64-snowleopard, r-release-windows-ix86+x86_64, r-oldrel-windows-ix86+x86_64