Last updated on 2015-02-05 23:50:20.
Flavor | Version | Tinstall | Tcheck | Ttotal | Status | Flags |
---|---|---|---|---|---|---|
r-devel-linux-x86_64-debian-clang | 0.3 | 1.08 | 8.02 | 9.10 | NOTE | |
r-devel-linux-x86_64-debian-gcc | 0.3 | 1.04 | 7.62 | 8.66 | NOTE | |
r-devel-linux-x86_64-fedora-clang | 0.3 | 17.13 | NOTE | |||
r-devel-linux-x86_64-fedora-gcc | 0.3 | 15.81 | NOTE | |||
r-devel-osx-x86_64-clang | 0.3 | 25.26 | OK | |||
r-devel-windows-ix86+x86_64 | 0.3 | 7.00 | 18.00 | 25.00 | OK | |
r-patched-linux-x86_64 | 0.3 | 1.13 | 8.61 | 9.74 | NOTE | |
r-patched-solaris-sparc | 0.3 | 120.60 | OK | |||
r-patched-solaris-x86 | 0.3 | 29.80 | OK | |||
r-release-linux-ix86 | 0.3 | 1.70 | 14.34 | 16.04 | NOTE | |
r-release-linux-x86_64 | 0.3 | 1.11 | 8.26 | 9.36 | NOTE | |
r-release-osx-x86_64-mavericks | 0.3 | OK | ||||
r-release-windows-ix86+x86_64 | 0.3 | 5.00 | 17.00 | 22.00 | OK | |
r-oldrel-windows-ix86+x86_64 | 0.3 | 5.00 | 17.00 | 22.00 | OK |
Version: 0.3
Check: Rd line widths
Result: NOTE
Rd file 'chebR.Rd':
\examples lines wider than 100 characters:
return(list(coefs=rlist$xx[1:n],resids=rlist$bb[1:m],rank=rlist$rank,iter=rlist$iter,ocode=rlist$ocode))
These lines will be truncated in the PDF manual.
Flavors: r-devel-linux-x86_64-debian-clang, r-devel-linux-x86_64-debian-gcc, r-devel-linux-x86_64-fedora-clang, r-devel-linux-x86_64-fedora-gcc, r-patched-linux-x86_64, r-release-linux-ix86, r-release-linux-x86_64