CRAN Package Check Results for Package chromer

Last updated on 2015-02-05 23:50:20.

Flavor Version Tinstall Tcheck Ttotal Status Flags
r-devel-linux-x86_64-debian-clang 0.1 1.52 17.88 19.40 OK
r-devel-linux-x86_64-debian-gcc 0.1 1.33 16.51 17.84 OK
r-devel-linux-x86_64-fedora-clang 0.1 38.47 OK
r-devel-linux-x86_64-fedora-gcc 0.1 35.57 OK
r-devel-osx-x86_64-clang 0.1 43.56 OK
r-devel-windows-ix86+x86_64 0.1 6.00 29.00 35.00 OK
r-patched-linux-x86_64 0.1 2.05 24.76 26.82 OK
r-patched-solaris-sparc 0.1 325.80 OK
r-patched-solaris-x86 0.1 70.40 OK
r-release-linux-ix86 0.1 2.40 30.52 32.92 OK
r-release-linux-x86_64 0.1 2.04 24.79 26.83 OK
r-release-osx-x86_64-mavericks 0.1 OK
r-release-osx-x86_64-snowleopard 0.1 OK
r-release-windows-ix86+x86_64 0.1 11.00 45.00 56.00 OK
r-oldrel-windows-ix86+x86_64 0.1 7.00 38.00 45.00 NOTE

Check Details

Version: 0.1
Check: R code for possible problems
Result: NOTE
    add_binomial: no visible global function definition for 'mutate_'
    summarize_counts : <anonymous>: no visible global function definition
     for 'filter_'
Flavor: r-oldrel-windows-ix86+x86_64