Last updated on 2015-02-05 23:50:20.
Flavor | Version | Tinstall | Tcheck | Ttotal | Status | Flags |
---|---|---|---|---|---|---|
r-devel-linux-x86_64-debian-clang | 1.4 | 9.42 | 13.12 | 22.54 | NOTE | |
r-devel-linux-x86_64-debian-gcc | 1.4 | 10.56 | 12.99 | 23.55 | NOTE | |
r-devel-linux-x86_64-fedora-clang | 1.4 | 50.02 | NOTE | |||
r-devel-linux-x86_64-fedora-gcc | 1.4 | 44.94 | NOTE | |||
r-devel-osx-x86_64-clang | 1.4 | 39.24 | NOTE | |||
r-devel-windows-ix86+x86_64 | 1.4 | 55.00 | 37.00 | 92.00 | OK | |
r-patched-linux-x86_64 | 1.4 | 10.73 | 15.38 | 26.11 | OK | |
r-patched-solaris-sparc | 1.4 | 303.20 | OK | |||
r-patched-solaris-x86 | 1.4 | 67.50 | OK | |||
r-release-linux-ix86 | 1.4 | 12.79 | 21.76 | 34.55 | OK | |
r-release-linux-x86_64 | 1.4 | 10.82 | 15.25 | 26.07 | OK | |
r-release-osx-x86_64-mavericks | 1.4 | OK | ||||
r-release-osx-x86_64-snowleopard | 1.4 | OK | ||||
r-release-windows-ix86+x86_64 | 1.4 | 39.00 | 38.00 | 77.00 | OK | |
r-oldrel-windows-ix86+x86_64 | 1.4 | 33.00 | 43.00 | 76.00 | OK |
Version: 1.4
Check: S3 generic/method consistency
Result: NOTE
Found the following apparent S3 methods exported but not registered:
plot.clogitL1 plot.cv.clogitL1 print.clogitL1 summary.clogitL1
summary.cv.clogitL1
See section ‘Registering S3 methods’ in the ‘Writing R Extensions’
manual.
Flavors: r-devel-linux-x86_64-debian-clang, r-devel-linux-x86_64-fedora-clang, r-devel-linux-x86_64-fedora-gcc, r-devel-osx-x86_64-clang
Version: 1.4
Check: S3 generic/method consistency
Result: NOTE
Found the following apparent S3 methods exported but not registered:
print.clogitL1 summary.clogitL1 summary.cv.clogitL1 plot.clogitL1
plot.cv.clogitL1
See section ‘Registering S3 methods’ in the ‘Writing R Extensions’
manual.
Flavor: r-devel-linux-x86_64-debian-gcc