CRAN Package Check Results for Package copula

Last updated on 2015-02-05 23:50:20.

Flavor Version Tinstall Tcheck Ttotal Status Flags
r-devel-linux-x86_64-debian-clang 0.999-12 9.17 256.43 265.60 NOTE
r-devel-linux-x86_64-debian-gcc 0.999-12 9.22 244.39 253.61 NOTE
r-devel-linux-x86_64-fedora-clang 0.999-12 537.19 NOTE
r-devel-linux-x86_64-fedora-gcc 0.999-12 512.55 NOTE
r-devel-osx-x86_64-clang 0.999-12 459.71 NOTE
r-devel-windows-ix86+x86_64 0.999-12 56.00 485.00 541.00 NOTE
r-patched-linux-x86_64 0.999-12 10.79 271.62 282.41 OK
r-patched-solaris-sparc 0.999-12 2605.00 OK --no-vignettes
r-patched-solaris-x86 0.999-12 749.50 OK
r-release-linux-ix86 0.999-12 13.46 338.49 351.94 OK
r-release-linux-x86_64 0.999-12 10.76 282.87 293.63 OK
r-release-osx-x86_64-mavericks 0.999-12 OK
r-release-osx-x86_64-snowleopard 0.999-12 OK
r-release-windows-ix86+x86_64 0.999-12 58.00 522.00 580.00 OK
r-oldrel-windows-ix86+x86_64 0.999-12 44.00 546.00 590.00 OK

Check Details

Version: 0.999-12
Check: dependencies in R code
Result: NOTE
    'library' or 'require' calls in package code:
     ‘MASS’ ‘Rmpfr’ ‘bbmle’ ‘colorspace’
     Please use :: or requireNamespace() instead.
     See section 'Suggested packages' in the 'Writing R Extensions' manual.
Flavors: r-devel-linux-x86_64-debian-clang, r-devel-linux-x86_64-debian-gcc, r-devel-linux-x86_64-fedora-clang, r-devel-linux-x86_64-fedora-gcc, r-devel-osx-x86_64-clang, r-devel-windows-ix86+x86_64