CRAN Package Check Results for Package cplexAPI

Last updated on 2015-02-05 23:50:21.

Flavor Version Tinstall Tcheck Ttotal Status Flags
r-devel-linux-x86_64-debian-clang 1.2.11 3.35 30.74 34.09 OK --install=fake
r-devel-linux-x86_64-debian-gcc 1.2.11 3.13 29.68 32.81 OK --install=fake
r-devel-linux-x86_64-fedora-clang 1.2.11 59.58 OK --install=fake
r-devel-linux-x86_64-fedora-gcc 1.2.11 57.64 OK --install=fake
r-patched-linux-x86_64 1.2.11 3.26 31.22 34.48 OK --install=fake
r-release-linux-ix86 1.2.11 3.98 39.45 43.43 OK --install=fake
r-release-linux-x86_64 1.2.11 3.31 32.33 35.64 OK --install=fake
r-release-osx-x86_64-mavericks 1.2.11 ERROR
r-release-osx-x86_64-snowleopard 1.2.11 ERROR

Check Details

Version: 1.2.11
Check: whether package can be installed
Result: ERROR
    Installation failed.
Flavors: r-release-osx-x86_64-mavericks, r-release-osx-x86_64-snowleopard