Last updated on 2015-02-05 23:50:21.
Flavor | Version | Tinstall | Tcheck | Ttotal | Status | Flags |
---|---|---|---|---|---|---|
r-devel-linux-x86_64-debian-clang | 1.3-1 | 1.43 | 18.02 | 19.45 | NOTE | |
r-devel-linux-x86_64-debian-gcc | 1.3-1 | 1.29 | 17.47 | 18.76 | NOTE | |
r-devel-linux-x86_64-fedora-clang | 1.3-1 | 40.47 | NOTE | |||
r-devel-linux-x86_64-fedora-gcc | 1.3-1 | 39.17 | NOTE | |||
r-devel-osx-x86_64-clang | 1.3-1 | 46.77 | NOTE | |||
r-devel-windows-ix86+x86_64 | 1.3-1 | 7.00 | 31.00 | 38.00 | NOTE | |
r-patched-linux-x86_64 | 1.3-1 | 2.22 | 27.60 | 29.81 | NOTE | |
r-patched-solaris-sparc | 1.3-1 | 365.30 | NOTE | |||
r-patched-solaris-x86 | 1.3-1 | 75.40 | NOTE | |||
r-release-linux-ix86 | 1.3-1 | 2.37 | 34.30 | 36.67 | NOTE | |
r-release-linux-x86_64 | 1.3-1 | 2.04 | 28.46 | 30.50 | NOTE | |
r-release-osx-x86_64-mavericks | 1.3-1 | NOTE | ||||
r-release-osx-x86_64-snowleopard | 1.3-1 | ERROR | ||||
r-release-windows-ix86+x86_64 | 1.3-1 | 14.00 | 50.00 | 64.00 | NOTE | |
r-oldrel-windows-ix86+x86_64 | 1.3-1 | 9.00 | 50.00 | 59.00 | NOTE |
Version: 1.3-1
Check: dependencies in R code
Result: NOTE
Package in Depends field not imported from: ‘survival’
These packages need to be imported from (in the NAMESPACE file)
for when this namespace is loaded but not attached.
Flavors: r-devel-linux-x86_64-debian-clang, r-devel-linux-x86_64-debian-gcc, r-devel-linux-x86_64-fedora-clang, r-devel-linux-x86_64-fedora-gcc, r-devel-osx-x86_64-clang, r-devel-windows-ix86+x86_64
Version: 1.3-1
Check: Rd line widths
Result: NOTE
Rd file 'crossmatch-package.Rd':
\examples lines wider than 100 characters:
c(0.03,0.11,0.16,-0.1,-0.05,0.16,0.12,0.4,0.04,0.71,0.01,0.21,-0.18,-0.08 ,-0.35,0.26,-0.6,-1.0))
Rd file 'crossmatchtest.Rd':
\examples lines wider than 100 characters:
c(0.03,0.11,0.16,-0.1,-0.05,0.16,0.12,0.4,0.04,0.71,0.01,0.21,-0.18,-0.08 ,-0.35,0.26,-0.6,-1.0))
These lines will be truncated in the PDF manual.
Flavors: r-devel-linux-x86_64-debian-clang, r-devel-linux-x86_64-debian-gcc, r-devel-linux-x86_64-fedora-clang, r-devel-linux-x86_64-fedora-gcc, r-patched-linux-x86_64, r-release-linux-ix86, r-release-linux-x86_64
Version: 1.3-1
Check: dependencies in R code
Result: NOTE
Package in Depends field not imported from: ‘survival’
These packages need to be imported from (in the NAMESPACE file)
for when this namespace is loaded but not attached.
See the information on DESCRIPTION files in the chapter ‘Creating R
packages’ of the ‘Writing R Extensions’ manual.
Flavors: r-patched-linux-x86_64, r-patched-solaris-sparc, r-patched-solaris-x86, r-release-linux-ix86, r-release-linux-x86_64, r-release-osx-x86_64-mavericks, r-release-windows-ix86+x86_64, r-oldrel-windows-ix86+x86_64
Version: 1.3-1
Check: whether package can be installed
Result: ERROR
Installation failed.
Flavor: r-release-osx-x86_64-snowleopard