Last updated on 2015-02-05 23:50:21.
Flavor | Version | Tinstall | Tcheck | Ttotal | Status | Flags |
---|---|---|---|---|---|---|
r-devel-linux-x86_64-debian-clang | 1.1 | 1.78 | 9.69 | 11.48 | OK | |
r-devel-linux-x86_64-debian-gcc | 1.1 | 2.49 | 10.16 | 12.66 | OK | |
r-devel-linux-x86_64-fedora-clang | 1.1 | 23.70 | OK | |||
r-devel-linux-x86_64-fedora-gcc | 1.1 | 22.62 | OK | |||
r-devel-osx-x86_64-clang | 1.1 | 31.48 | WARN | |||
r-devel-windows-ix86+x86_64 | 1.1 | 15.00 | 27.00 | 42.00 | OK | |
r-patched-linux-x86_64 | 1.1 | 2.57 | 10.34 | 12.90 | OK | |
r-patched-solaris-sparc | 1.1 | 149.60 | OK | |||
r-patched-solaris-x86 | 1.1 | 39.20 | OK | |||
r-release-linux-ix86 | 1.1 | 3.45 | 17.00 | 20.45 | OK | |
r-release-linux-x86_64 | 1.1 | 2.56 | 10.96 | 13.52 | OK | |
r-release-osx-x86_64-mavericks | 1.1 | OK | ||||
r-release-osx-x86_64-snowleopard | 1.1 | OK | ||||
r-release-windows-ix86+x86_64 | 1.1 | 10.00 | 32.00 | 42.00 | OK | |
r-oldrel-windows-ix86+x86_64 | 1.1 | 11.00 | 35.00 | 46.00 | OK |
Version: 1.1
Check: whether package can be installed
Result: WARN
Found the following significant warnings:
./int64.h:41:67: warning: 'long long' is a C++11 extension [-Wc++11-long-long]
Flavor: r-devel-osx-x86_64-clang