CRAN Package Check Results for Package dcemriS4

Last updated on 2015-02-05 23:50:21.

Flavor Version Tinstall Tcheck Ttotal Status Flags
r-devel-linux-x86_64-debian-clang 0.51 2.54 59.20 61.74 WARN
r-devel-linux-x86_64-debian-gcc 0.51 2.47 59.20 61.67 WARN
r-devel-linux-x86_64-fedora-clang 0.51 117.97 WARN
r-devel-linux-x86_64-fedora-gcc 0.51 119.08 WARN
r-devel-osx-x86_64-clang 0.51 102.43 WARN
r-devel-windows-ix86+x86_64 0.51 16.00 160.00 176.00 WARN
r-patched-linux-x86_64 0.51 2.93 65.54 68.47 WARN
r-patched-solaris-sparc 0.51 845.10 WARN
r-patched-solaris-x86 0.51 172.70 WARN
r-release-linux-ix86 0.51 3.67 389.48 393.15 WARN
r-release-linux-x86_64 0.51 2.99 65.46 68.45 WARN
r-release-osx-x86_64-mavericks 0.51 WARN
r-release-osx-x86_64-snowleopard 0.51 OK
r-release-windows-ix86+x86_64 0.51 12.00 178.00 190.00 WARN
r-oldrel-windows-ix86+x86_64 0.51 13.00 172.00 185.00 OK

Check Details

Version: 0.51
Check: dependencies in R code
Result: WARN
    'library' or 'require' call not declared from: ‘parallel’
    'library' or 'require' call to ‘parallel’ in package code.
     Please use :: or requireNamespace() instead.
     See section 'Suggested packages' in the 'Writing R Extensions' manual.
Flavors: r-devel-linux-x86_64-debian-clang, r-devel-linux-x86_64-debian-gcc, r-devel-linux-x86_64-fedora-clang, r-devel-linux-x86_64-fedora-gcc, r-devel-osx-x86_64-clang, r-devel-windows-ix86+x86_64

Version: 0.51
Check: R code for possible problems
Result: NOTE
    .dcemri.spline.single: no visible global function definition for
     ‘splineDesign’
Flavors: r-devel-linux-x86_64-debian-clang, r-devel-linux-x86_64-debian-gcc, r-devel-linux-x86_64-fedora-clang, r-devel-linux-x86_64-fedora-gcc, r-devel-osx-x86_64-clang, r-devel-windows-ix86+x86_64, r-patched-linux-x86_64, r-patched-solaris-sparc, r-patched-solaris-x86, r-release-linux-ix86, r-release-linux-x86_64, r-release-osx-x86_64-mavericks, r-release-windows-ix86+x86_64

Version: 0.51
Check: line endings in Makefiles
Result: NOTE
    Found the following Makefile(s) without a final LF:
     src/Makevars
    Some ‘make’ programs ignore lines not ending in LF.
Flavors: r-devel-linux-x86_64-debian-clang, r-devel-linux-x86_64-debian-gcc, r-devel-linux-x86_64-fedora-clang, r-devel-linux-x86_64-fedora-gcc, r-devel-osx-x86_64-clang, r-devel-windows-ix86+x86_64, r-patched-linux-x86_64, r-patched-solaris-sparc, r-patched-solaris-x86, r-release-osx-x86_64-mavericks

Version: 0.51
Check: dependencies in R code
Result: WARN
    'library' or 'require' call not declared from: ‘parallel’
    See the information on DESCRIPTION files in the chapter ‘Creating R
    packages’ of the ‘Writing R Extensions’ manual.
Flavors: r-patched-linux-x86_64, r-patched-solaris-sparc, r-patched-solaris-x86, r-release-linux-ix86, r-release-linux-x86_64, r-release-osx-x86_64-mavericks, r-release-windows-ix86+x86_64