CRAN Package Check Results for Package dendextend

Last updated on 2015-02-05 23:50:21.

Flavor Version Tinstall Tcheck Ttotal Status Flags
r-devel-linux-x86_64-debian-clang 0.18.3 1.87 71.40 73.28 OK
r-devel-linux-x86_64-debian-gcc 0.18.3 1.81 70.40 72.21 OK
r-devel-linux-x86_64-fedora-clang 0.18.3 149.33 OK
r-devel-linux-x86_64-fedora-gcc 0.18.3 78.70 OK
r-devel-osx-x86_64-clang 0.18.3 130.90 OK
r-devel-windows-ix86+x86_64 0.18.3 12.00 107.00 119.00 OK
r-patched-linux-x86_64 0.18.3 1.96 80.94 82.90 OK
r-patched-solaris-sparc 0.18.3 874.30 NOTE
r-patched-solaris-x86 0.18.3 198.30 OK
r-release-linux-ix86 0.18.3 2.60 91.75 94.36 OK
r-release-linux-x86_64 0.18.3 1.98 81.49 83.46 OK
r-release-osx-x86_64-mavericks 0.18.3 OK
r-release-osx-x86_64-snowleopard 0.18.3 OK
r-release-windows-ix86+x86_64 0.18.3 11.00 116.00 127.00 OK
r-oldrel-windows-ix86+x86_64 0.18.3 9.00 128.00 137.00 OK

Check Details

Version: 0.18.3
Check: package dependencies
Result: NOTE
    Package suggested but not available for checking: ‘microbenchmark’
Flavor: r-patched-solaris-sparc