Last updated on 2015-02-05 23:50:22.
Flavor | Version | Tinstall | Tcheck | Ttotal | Status | Flags |
---|---|---|---|---|---|---|
r-devel-linux-x86_64-debian-clang | 1.0.8 | 0.65 | 115.31 | 115.96 | NOTE | |
r-devel-linux-x86_64-debian-gcc | 1.0.8 | 0.65 | 107.06 | 107.72 | NOTE | |
r-devel-linux-x86_64-fedora-clang | 1.0.8 | 162.80 | OK | |||
r-devel-linux-x86_64-fedora-gcc | 1.0.8 | 154.54 | OK | |||
r-devel-osx-x86_64-clang | 1.0.8 | 200.53 | OK | |||
r-devel-windows-ix86+x86_64 | 1.0.8 | 5.00 | 163.00 | 168.00 | OK | |
r-patched-linux-x86_64 | 1.0.8 | 0.72 | 126.07 | 126.79 | NOTE | |
r-patched-solaris-sparc | 1.0.8 | 1674.10 | OK | |||
r-patched-solaris-x86 | 1.0.8 | 372.10 | OK | |||
r-release-linux-ix86 | 1.0.8 | 1.02 | 175.70 | 176.72 | NOTE | |
r-release-linux-x86_64 | 1.0.8 | 0.71 | 121.93 | 122.64 | NOTE | |
r-release-osx-x86_64-mavericks | 1.0.8 | OK | ||||
r-release-osx-x86_64-snowleopard | 1.0.8 | OK | ||||
r-release-windows-ix86+x86_64 | 1.0.8 | 6.00 | 196.00 | 202.00 | OK | |
r-oldrel-windows-ix86+x86_64 | 1.0.8 | 6.00 | 188.00 | 194.00 | OK |
Version: 1.0.8
Check: R code for possible problems
Result: NOTE
Found the following calls to attach():
File ‘doParallel/R/doParallel.R’:
attach(exportEnv)
See section ‘Good practice’ in ‘?attach’.
Flavors: r-devel-linux-x86_64-debian-clang, r-devel-linux-x86_64-debian-gcc, r-patched-linux-x86_64, r-release-linux-ix86, r-release-linux-x86_64