Last updated on 2015-02-05 23:50:22.
Flavor | Version | Tinstall | Tcheck | Ttotal | Status | Flags |
---|---|---|---|---|---|---|
r-devel-linux-x86_64-debian-clang | 2014.11-1 | 5.15 | 65.46 | 70.61 | OK | |
r-devel-linux-x86_64-debian-gcc | 2014.11-1 | 5.03 | 61.84 | 66.87 | OK | |
r-devel-linux-x86_64-fedora-clang | 2014.11-1 | 130.35 | OK | |||
r-devel-linux-x86_64-fedora-gcc | 2014.11-1 | 122.53 | OK | |||
r-devel-osx-x86_64-clang | 2014.11-1 | 129.48 | OK | |||
r-devel-windows-ix86+x86_64 | 2014.11-1 | 20.00 | 118.00 | 138.00 | OK | |
r-patched-linux-x86_64 | 2014.11-1 | 5.15 | 70.98 | 76.12 | OK | |
r-patched-solaris-sparc | 2014.11-1 | 815.40 | OK | --no-tests | ||
r-patched-solaris-x86 | 2014.11-1 | 185.60 | OK | |||
r-release-linux-ix86 | 2014.11-1 | 8.84 | 86.73 | 95.58 | OK | |
r-release-linux-x86_64 | 2014.11-1 | 5.24 | 71.25 | 76.49 | OK | |
r-release-osx-x86_64-mavericks | 2014.11-1 | ERROR | ||||
r-release-osx-x86_64-snowleopard | 2014.11-1 | OK | ||||
r-release-windows-ix86+x86_64 | 2014.11-1 | 22.00 | 142.00 | 164.00 | OK | |
r-oldrel-windows-ix86+x86_64 | 2014.11-1 | 19.00 | 226.00 | 245.00 | OK |
Version: 2014.11-1
Check: tests
Result: ERROR
Running the tests in ‘tests/dse2tst2.R’ failed.
Last 13 lines of output:
nodename
"eureka.research.att.com"
machine
"x86_64"
login
"urbanek"
user
"urbanek"
effective_user
"urbanek"
> DSEversion()
Execution halted
Flavor: r-release-osx-x86_64-mavericks