CRAN Package Check Results for Package dynatopmodel

Last updated on 2015-02-05 23:50:22.

Flavor Version Tinstall Tcheck Ttotal Status Flags
r-devel-linux-x86_64-debian-clang 1.0 5.41 67.34 72.75 NOTE
r-devel-linux-x86_64-debian-gcc 1.0 5.28 64.99 70.27 NOTE
r-devel-linux-x86_64-fedora-clang 1.0 148.49 NOTE
r-devel-linux-x86_64-fedora-gcc 1.0 143.47 NOTE
r-devel-osx-x86_64-clang 1.0 133.79 NOTE
r-devel-windows-ix86+x86_64 1.0 22.00 99.00 121.00 NOTE
r-patched-linux-x86_64 1.0 8.44 96.23 104.68 NOTE
r-patched-solaris-sparc 1.0 1252.60 NOTE
r-patched-solaris-x86 1.0 283.70 NOTE
r-release-linux-ix86 1.0 9.18 109.94 119.12 NOTE
r-release-linux-x86_64 1.0 8.52 95.45 103.97 NOTE
r-release-osx-x86_64-mavericks 1.0 ERROR
r-release-osx-x86_64-snowleopard 1.0 OK
r-release-windows-ix86+x86_64 1.0 36.00 148.00 184.00 NOTE
r-oldrel-windows-ix86+x86_64 1.0 25.00 139.00 164.00 OK

Check Details

Version: 1.0
Check: dependencies in R code
Result: NOTE
    'library' or 'require' call to ‘igraph’ in package code.
     Please use :: or requireNamespace() instead.
     See section 'Suggested packages' in the 'Writing R Extensions' manual.
Flavors: r-devel-linux-x86_64-debian-clang, r-devel-linux-x86_64-debian-gcc, r-devel-linux-x86_64-fedora-clang, r-devel-linux-x86_64-fedora-gcc, r-devel-osx-x86_64-clang, r-devel-windows-ix86+x86_64

Version: 1.0
Check: R code for possible problems
Result: NOTE
    DisplayObservedFlows: no visible global function definition for
     ‘plot.zoo’
    GetTimeSeriesInputRange: no visible global function definition for
     ‘index’
    RunTOPMODEL: no visible global function definition for ‘index’
    SpatialLinesDataFrameToIgraph: no visible global function definition
     for ‘graph.data.frame’
    aggregate.qobs: no visible global function definition for ‘zoo’
    aggregate.xts: no visible global function definition for ‘is.zoo’
    aggregate.xts: no visible global function definition for ‘zoo’
    allocate.rain: no visible global function definition for ‘index’
    disaggregate.xts: no visible global function definition for ‘is.zoo’
    disaggregate.xts: no visible global function definition for ‘index’
    disaggregate.xts: no visible global function definition for ‘coredata’
    disp.discharge.selection: no visible global function definition for
     ‘index’
    disp.discharges: no visible global function definition for ‘plot.zoo’
    disp.qsim: no visible global function definition for ‘plot.zoo’
    disp.rain: no visible global function definition for ‘plot.zoo’
    fix.obs: no visible global function definition for ‘na.approx’
    fix.run.dates: no visible global function definition for ‘index’
    get.obs: no visible global function definition for ‘is.zoo’
    gof.run: no visible global function definition for ‘index’
    init.input: no visible global function definition for ‘index’
    read.obs: no visible global function definition for ‘index’
    report.series: no visible global function definition for ‘is.zoo’
    report.series: no visible global function definition for ‘index’
    subset.zoo: no visible global function definition for ‘is.zoo’
    subset.zoo: no visible global function definition for ‘index’
    time.interval.intersection: no visible global function definition for
     ‘index’
    write.obs: no visible global function definition for ‘index’
    write.proj: no visible global function definition for ‘write.zoo’
Flavors: r-devel-linux-x86_64-debian-clang, r-devel-linux-x86_64-debian-gcc, r-devel-linux-x86_64-fedora-clang, r-devel-linux-x86_64-fedora-gcc, r-devel-osx-x86_64-clang, r-devel-windows-ix86+x86_64, r-patched-linux-x86_64, r-patched-solaris-sparc, r-patched-solaris-x86, r-release-linux-ix86, r-release-linux-x86_64, r-release-windows-ix86+x86_64

Version: 1.0
Check: package dependencies
Result: ERROR
    Packages required but not available: ‘rgeos’ ‘rgdal’
    
    See the information on DESCRIPTION files in the chapter ‘Creating R
    packages’ of the ‘Writing R Extensions’ manual.
Flavor: r-release-osx-x86_64-mavericks