Last updated on 2015-02-05 23:50:22.
Flavor | Version | Tinstall | Tcheck | Ttotal | Status | Flags |
---|---|---|---|---|---|---|
r-devel-linux-x86_64-debian-clang | 0.0.5 | 0.58 | 10.38 | 10.95 | NOTE | |
r-devel-linux-x86_64-debian-gcc | 0.0.5 | 0.60 | 10.26 | 10.86 | NOTE | |
r-devel-linux-x86_64-fedora-clang | 0.0.5 | 21.38 | NOTE | |||
r-devel-linux-x86_64-fedora-gcc | 0.0.5 | 19.72 | NOTE | |||
r-devel-osx-x86_64-clang | 0.0.5 | 31.56 | NOTE | |||
r-devel-windows-ix86+x86_64 | 0.0.5 | 3.00 | 18.00 | 21.00 | NOTE | |
r-patched-linux-x86_64 | 0.0.5 | 0.62 | 10.92 | 11.54 | NOTE | |
r-patched-solaris-sparc | 0.0.5 | 133.70 | NOTE | |||
r-patched-solaris-x86 | 0.0.5 | 33.70 | NOTE | |||
r-release-linux-ix86 | 0.0.5 | 0.86 | 17.37 | 18.23 | NOTE | |
r-release-linux-x86_64 | 0.0.5 | 0.64 | 10.81 | 11.45 | NOTE | |
r-release-osx-x86_64-mavericks | 0.0.5 | NOTE | ||||
r-release-windows-ix86+x86_64 | 0.0.5 | 2.00 | 31.00 | 33.00 | NOTE | |
r-oldrel-windows-ix86+x86_64 | 0.0.5 | 2.00 | 19.00 | 21.00 | NOTE |
Version: 0.0.5
Check: DESCRIPTION meta-information
Result: NOTE
Deprecated license: BSD
Flavors: r-devel-linux-x86_64-debian-clang, r-devel-linux-x86_64-debian-gcc, r-devel-linux-x86_64-fedora-clang, r-devel-linux-x86_64-fedora-gcc, r-devel-osx-x86_64-clang, r-patched-linux-x86_64, r-patched-solaris-sparc, r-patched-solaris-x86, r-release-linux-ix86, r-release-linux-x86_64, r-release-osx-x86_64-mavericks
Version: 0.0.5
Check: Rd files
Result: NOTE
prepare_Rd: auac.Rd:28-30: Dropping empty section \details
prepare_Rd: auac.Rd:40-42: Dropping empty section \note
prepare_Rd: auac.Rd:44-46: Dropping empty section \seealso
prepare_Rd: auc.Rd:28-30: Dropping empty section \details
prepare_Rd: auc.Rd:40-42: Dropping empty section \note
prepare_Rd: auc.Rd:44-46: Dropping empty section \seealso
prepare_Rd: bedroc.Rd:28-30: Dropping empty section \details
prepare_Rd: bedroc.Rd:40-42: Dropping empty section \note
prepare_Rd: bedroc.Rd:44-46: Dropping empty section \seealso
prepare_Rd: enrichment_factor.Rd:28-30: Dropping empty section \details
prepare_Rd: enrichment_factor.Rd:40-42: Dropping empty section \note
prepare_Rd: enrichment_factor.Rd:34-36: Dropping empty section \references
prepare_Rd: enrichment_factor.Rd:44-46: Dropping empty section \seealso
prepare_Rd: enrichvs-package.Rd:34-36: Dropping empty section \seealso
prepare_Rd: enrichvs-package.Rd:37-39: Dropping empty section \examples
prepare_Rd: matplot_enrichment_curve.Rd:22-24: Dropping empty section \details
prepare_Rd: matplot_enrichment_curve.Rd:34-36: Dropping empty section \note
prepare_Rd: matplot_enrichment_curve.Rd:28-30: Dropping empty section \references
prepare_Rd: matplot_enrichment_curve.Rd:38-40: Dropping empty section \seealso
prepare_Rd: plot_enrichment_curve.Rd:44-46: Dropping empty section \details
prepare_Rd: plot_enrichment_curve.Rd:56-58: Dropping empty section \note
prepare_Rd: plot_enrichment_curve.Rd:50-52: Dropping empty section \references
prepare_Rd: plot_enrichment_curve.Rd:60-62: Dropping empty section \seealso
prepare_Rd: plot_enrichment_curve_xlog.Rd:44-46: Dropping empty section \details
prepare_Rd: plot_enrichment_curve_xlog.Rd:56-58: Dropping empty section \note
prepare_Rd: plot_enrichment_curve_xlog.Rd:50-52: Dropping empty section \references
prepare_Rd: plot_enrichment_curve_xlog.Rd:60-62: Dropping empty section \seealso
prepare_Rd: rie.Rd:28-30: Dropping empty section \details
prepare_Rd: rie.Rd:49-51: Dropping empty section \seealso
Flavors: r-devel-linux-x86_64-debian-clang, r-devel-linux-x86_64-debian-gcc, r-devel-linux-x86_64-fedora-clang, r-devel-linux-x86_64-fedora-gcc, r-devel-osx-x86_64-clang, r-devel-windows-ix86+x86_64, r-patched-linux-x86_64, r-patched-solaris-sparc, r-patched-solaris-x86, r-release-linux-ix86, r-release-linux-x86_64, r-release-osx-x86_64-mavericks, r-release-windows-ix86+x86_64, r-oldrel-windows-ix86+x86_64