Last updated on 2015-02-05 23:50:22.
Flavor | Version | Tinstall | Tcheck | Ttotal | Status | Flags |
---|---|---|---|---|---|---|
r-devel-linux-x86_64-debian-clang | 1.1-7 | 0.99 | 75.60 | 76.59 | NOTE | |
r-devel-linux-x86_64-debian-gcc | 1.1-7 | 0.89 | 73.28 | 74.17 | NOTE | |
r-devel-linux-x86_64-fedora-clang | 1.1-7 | 146.60 | NOTE | |||
r-devel-linux-x86_64-fedora-gcc | 1.1-7 | 141.26 | NOTE | |||
r-devel-osx-x86_64-clang | 1.1-7 | 133.38 | NOTE | |||
r-devel-windows-ix86+x86_64 | 1.1-7 | 6.00 | 103.00 | 109.00 | NOTE | |
r-patched-linux-x86_64 | 1.1-7 | 1.02 | 80.82 | 81.83 | NOTE | |
r-patched-solaris-sparc | 1.1-7 | 200.10 | NOTE | --no-examples | ||
r-patched-solaris-x86 | 1.1-7 | 196.00 | NOTE | |||
r-release-linux-ix86 | 1.1-7 | 1.44 | 108.37 | 109.81 | NOTE | |
r-release-linux-x86_64 | 1.1-7 | 1.02 | 84.98 | 86.00 | NOTE | |
r-release-osx-x86_64-mavericks | 1.1-7 | NOTE | ||||
r-release-windows-ix86+x86_64 | 1.1-7 | 7.00 | 117.00 | 124.00 | NOTE | |
r-oldrel-windows-ix86+x86_64 | 1.1-7 | 6.00 | 183.00 | 189.00 | NOTE |
Version: 1.1-7
Check: top-level files
Result: NOTE
Non-standard files/directories found at top level:
‘docs’ ‘license.txt’ ‘status.txt’
Flavors: r-devel-linux-x86_64-debian-clang, r-devel-linux-x86_64-debian-gcc, r-devel-linux-x86_64-fedora-clang, r-devel-linux-x86_64-fedora-gcc, r-patched-linux-x86_64, r-release-linux-ix86, r-release-linux-x86_64
Version: 1.1-7
Check: dependencies in R code
Result: NOTE
'library' or 'require' call to ‘qtl’ which was already attached by Depends.
Please remove these calls from your code.
Unexported objects imported by ':::' calls:
‘qtl:::c.scanone’ ‘qtl:::plot.scanone’
See the note in ?`:::` about the use of this operator.
Flavors: r-devel-linux-x86_64-debian-clang, r-devel-linux-x86_64-debian-gcc, r-devel-linux-x86_64-fedora-clang, r-devel-linux-x86_64-fedora-gcc, r-devel-osx-x86_64-clang, r-devel-windows-ix86+x86_64
Version: 1.1-7
Check: dependencies in R code
Result: NOTE
'library' or 'require' call to ‘qtl’ which was already attached by Depends.
Please remove these calls from your code.
Unexported objects imported by ':::' calls:
‘qtl:::c.scanone’ ‘qtl:::plot.scanone’
See the note in ?`:::` about the use of this operator.
See the information on DESCRIPTION files in the chapter ‘Creating R
packages’ of the ‘Writing R Extensions’ manual.
Flavors: r-patched-linux-x86_64, r-patched-solaris-x86, r-release-linux-ix86, r-release-linux-x86_64, r-release-osx-x86_64-mavericks, r-release-windows-ix86+x86_64, r-oldrel-windows-ix86+x86_64
Version: 1.1-7
Flags: --no-examples
Check: dependencies in R code
Result: NOTE
'library' or 'require' call to ‘qtl’ which was already attached by Depends.
Please remove these calls from your code.
Unexported objects imported by ':::' calls:
‘qtl:::c.scanone’ ‘qtl:::plot.scanone’
See the note in ?`:::` about the use of this operator.
See the information on DESCRIPTION files in the chapter ‘Creating R
packages’ of the ‘Writing R Extensions’ manual.
Flavor: r-patched-solaris-sparc