Last updated on 2015-02-05 23:50:23.
Flavor | Version | Tinstall | Tcheck | Ttotal | Status | Flags |
---|---|---|---|---|---|---|
r-devel-linux-x86_64-debian-clang | 0.8-1 | 5.98 | 72.20 | 78.19 | NOTE | |
r-devel-linux-x86_64-debian-gcc | 0.8-1 | 5.96 | 69.76 | 75.72 | NOTE | |
r-devel-linux-x86_64-fedora-clang | 0.8-1 | 157.12 | NOTE | |||
r-devel-linux-x86_64-fedora-gcc | 0.8-1 | 90.32 | NOTE | |||
r-devel-osx-x86_64-clang | 0.8-1 | 101.38 | NOTE | |||
r-devel-windows-ix86+x86_64 | 0.8-1 | 36.00 | 110.00 | 146.00 | OK | |
r-patched-linux-x86_64 | 0.8-1 | 9.09 | 94.06 | 103.15 | NOTE | |
r-patched-solaris-sparc | 0.8-1 | 710.10 | NOTE | |||
r-patched-solaris-x86 | 0.8-1 | 161.30 | NOTE | |||
r-release-linux-ix86 | 0.8-1 | 5.88 | 71.64 | 77.51 | NOTE | |
r-release-linux-x86_64 | 0.8-1 | 8.90 | 94.43 | 103.33 | NOTE | |
r-release-osx-x86_64-mavericks | 0.8-1 | OK | ||||
r-release-osx-x86_64-snowleopard | 0.8-1 | OK | ||||
r-release-windows-ix86+x86_64 | 0.8-1 | 44.00 | 159.00 | 203.00 | OK | |
r-oldrel-windows-ix86+x86_64 | 0.8-1 | 27.00 | 154.00 | 181.00 | OK |
Version: 0.8-1
Check: package dependencies
Result: NOTE
Package suggested but not available for checking: ‘Devore6’
Flavors: r-devel-linux-x86_64-debian-clang, r-devel-linux-x86_64-debian-gcc, r-devel-linux-x86_64-fedora-clang, r-devel-linux-x86_64-fedora-gcc, r-devel-osx-x86_64-clang, r-patched-linux-x86_64, r-patched-solaris-sparc, r-patched-solaris-x86, r-release-linux-ix86, r-release-linux-x86_64