Last updated on 2015-02-05 23:50:24.
Flavor | Version | Tinstall | Tcheck | Ttotal | Status | Flags |
---|---|---|---|---|---|---|
r-devel-linux-x86_64-debian-clang | 0.2 | 0.62 | 29.73 | 30.35 | NOTE | |
r-devel-linux-x86_64-debian-gcc | 0.2 | 0.58 | 31.38 | 31.97 | NOTE | |
r-devel-linux-x86_64-fedora-clang | 0.2 | 56.18 | NOTE | |||
r-devel-linux-x86_64-fedora-gcc | 0.2 | 57.65 | NOTE | |||
r-devel-osx-x86_64-clang | 0.2 | 55.81 | NOTE | |||
r-devel-windows-ix86+x86_64 | 0.2 | 4.00 | 45.00 | 49.00 | OK | |
r-patched-linux-x86_64 | 0.2 | 0.63 | 37.84 | 38.48 | OK | |
r-patched-solaris-sparc | 0.2 | 510.70 | OK | |||
r-patched-solaris-x86 | 0.2 | 83.00 | OK | |||
r-release-linux-ix86 | 0.2 | 0.92 | 54.92 | 55.85 | OK | |
r-release-linux-x86_64 | 0.2 | 0.65 | 33.08 | 33.72 | OK | |
r-release-osx-x86_64-mavericks | 0.2 | OK | ||||
r-release-windows-ix86+x86_64 | 0.2 | 3.00 | 68.00 | 71.00 | OK | |
r-oldrel-windows-ix86+x86_64 | 0.2 | 2.00 | 46.00 | 48.00 | OK |
Version: 0.2
Check: S3 generic/method consistency
Result: NOTE
Found the following apparent S3 methods exported but not registered:
plot.freqMAP print.freqMAP summary.freqMAP
See section ‘Registering S3 methods’ in the ‘Writing R Extensions’
manual.
Flavors: r-devel-linux-x86_64-debian-clang, r-devel-linux-x86_64-fedora-clang, r-devel-linux-x86_64-fedora-gcc, r-devel-osx-x86_64-clang
Version: 0.2
Check: S3 generic/method consistency
Result: NOTE
Found the following apparent S3 methods exported but not registered:
print.freqMAP summary.freqMAP plot.freqMAP
See section ‘Registering S3 methods’ in the ‘Writing R Extensions’
manual.
Flavor: r-devel-linux-x86_64-debian-gcc