Last updated on 2015-02-05 23:50:24.
Flavor | Version | Tinstall | Tcheck | Ttotal | Status | Flags |
---|---|---|---|---|---|---|
r-devel-linux-x86_64-debian-clang | 1.2 | 1.70 | 24.35 | 26.05 | OK | |
r-devel-linux-x86_64-debian-gcc | 1.2 | 1.78 | 25.15 | 26.93 | OK | |
r-devel-linux-x86_64-fedora-clang | 1.2 | 52.61 | OK | |||
r-devel-linux-x86_64-fedora-gcc | 1.2 | 50.84 | OK | |||
r-devel-osx-x86_64-clang | 1.2 | 59.00 | OK | |||
r-devel-windows-ix86+x86_64 | 1.2 | 14.00 | 57.00 | 71.00 | OK | |
r-patched-linux-x86_64 | 1.2 | 2.07 | 29.90 | 31.98 | OK | |
r-patched-solaris-sparc | 1.2 | 370.60 | OK | |||
r-patched-solaris-x86 | 1.2 | 86.20 | OK | |||
r-release-linux-ix86 | 1.2 | 2.63 | 40.54 | 43.17 | OK | |
r-release-linux-x86_64 | 1.2 | 1.99 | 30.15 | 32.14 | OK | |
r-release-osx-x86_64-mavericks | 1.2 | OK | ||||
r-release-osx-x86_64-snowleopard | 1.2 | ERROR | ||||
r-release-windows-ix86+x86_64 | 1.2 | 13.00 | 68.00 | 81.00 | OK | |
r-oldrel-windows-ix86+x86_64 | 1.2 | 10.00 | 68.00 | 78.00 | OK |
Version: 1.2
Check: whether package can be installed
Result: ERROR
Installation failed.
Flavor: r-release-osx-x86_64-snowleopard