CRAN Package Check Results for Package fscaret

Last updated on 2015-02-05 23:50:24.

Flavor Version Tinstall Tcheck Ttotal Status Flags
r-devel-linux-x86_64-debian-clang 0.9 4.49 65.24 69.73 NOTE
r-devel-linux-x86_64-debian-gcc 0.9 4.27 63.63 67.90 NOTE
r-devel-linux-x86_64-fedora-clang 0.9 144.75 NOTE
r-devel-linux-x86_64-fedora-gcc 0.9 138.25 NOTE
r-devel-osx-x86_64-clang 0.9 141.07 NOTE
r-devel-windows-ix86+x86_64 0.9 17.00 108.00 125.00 OK
r-patched-linux-x86_64 0.9 6.38 92.77 99.15 NOTE
r-patched-solaris-sparc 0.9 922.30 ERROR
r-patched-solaris-x86 0.9 286.50 NOTE
r-release-linux-ix86 0.9 6.76 109.44 116.20 NOTE
r-release-linux-x86_64 0.9 6.22 93.65 99.87 NOTE
r-release-osx-x86_64-mavericks 0.9 OK
r-release-osx-x86_64-snowleopard 0.9 OK
r-release-windows-ix86+x86_64 0.9 30.00 149.00 179.00 OK
r-oldrel-windows-ix86+x86_64 0.9 22.00 160.00 182.00 OK

Check Details

Version: 0.9
Check: package dependencies
Result: NOTE
    Package suggested but not available for checking: ‘partDSA’
Flavors: r-devel-linux-x86_64-debian-clang, r-devel-linux-x86_64-debian-gcc, r-devel-linux-x86_64-fedora-clang, r-devel-linux-x86_64-fedora-gcc, r-devel-osx-x86_64-clang, r-patched-linux-x86_64, r-patched-solaris-sparc, r-patched-solaris-x86, r-release-linux-ix86, r-release-linux-x86_64

Version: 0.9
Check: running R code from vignettes
Result: ERROR
    Errors in running code in vignettes:
    when running code in ‘fscaret.Rnw’
     ...
    
    
    > myRES_tab <- myFS$VarImp$matrixVarImp.MSE[1:10, ]
    
    > myRES_tab <- subset(myRES_tab, select = c("pcr", "pls",
    + "SUM%", "ImpGrad", "Input_no"))
    
     When sourcing ‘fscaret.R’:
    Error: argument "subset" is missing, with no default
    Execution halted
Flavor: r-patched-solaris-sparc

Version: 0.9
Check: R code for possible problems
Result: NOTE
    XIO: fatal IO error 146 (Connection refused) on X server ":5.0"
     after 0 requests (0 known processed) with 0 events remaining.
Flavor: r-patched-solaris-x86