CRAN Package Check Results for Package fuzzyMM

Last updated on 2015-02-05 23:50:24.

Flavor Version Tinstall Tcheck Ttotal Status Flags
r-devel-linux-x86_64-debian-clang 1.0.1 2.28 140.76 143.04 NOTE
r-devel-linux-x86_64-debian-gcc 1.0.1 2.23 137.88 140.11 NOTE
r-devel-linux-x86_64-fedora-clang 1.0.1 264.14 NOTE
r-devel-linux-x86_64-fedora-gcc 1.0.1 252.17 NOTE
r-devel-osx-x86_64-clang 1.0.1 232.94 NOTE
r-devel-windows-ix86+x86_64 1.0.1 9.00 183.00 192.00 NOTE
r-patched-linux-x86_64 1.0.1 3.08 162.88 165.96 NOTE
r-patched-solaris-sparc 1.0.1 1814.70 NOTE
r-patched-solaris-x86 1.0.1 447.10 NOTE
r-release-linux-ix86 1.0.1 3.25 171.44 174.69 NOTE
r-release-linux-x86_64 1.0.1 2.78 160.70 163.48 NOTE
r-release-osx-x86_64-mavericks 1.0.1 ERROR
r-release-osx-x86_64-snowleopard 1.0.1 OK
r-release-windows-ix86+x86_64 1.0.1 15.00 235.00 250.00 NOTE
r-oldrel-windows-ix86+x86_64 1.0.1 11.00 209.00 220.00 OK

Check Details

Version: 1.0.1
Check: R code for possible problems
Result: NOTE
    create_drn: no visible global function definition for ‘getURL’
    create_drn: no visible global function definition for ‘xmlParse’
    err_region: no visible global function definition for ‘coordinates<-’
    err_region: no visible global function definition for ‘proj4string<-’
    err_region: no visible global function definition for ‘CRS’
    err_region: no visible global function definition for ‘spTransform’
    err_region: no visible global function definition for ‘coordinates’
    err_region: no visible global function definition for ‘Polygons’
    err_region: no visible global function definition for ‘Polygon’
    err_region: no visible global function definition for ‘SpatialPolygons’
    imp : <anonymous>: no visible global function definition for
     ‘dist2Line’
    lines2segments: no visible global function definition for ‘coordinates’
    lines2segments: no visible global function definition for ‘Lines’
    lines2segments: no visible global function definition for ‘Line’
    lines2segments: no visible global function definition for
     ‘SpatialLines’
    mm: no visible global function definition for ‘proj4string’
    mm: no visible global function definition for ‘spTransform’
    mm: no visible global function definition for ‘dist2Line’
    mm: no visible global function definition for ‘SpatialPointsDataFrame’
    smp1: no visible global function definition for ‘bearing’
    smp1: no visible global function definition for ‘spDists’
    smp2 : <anonymous>: no visible global function definition for
     ‘dist2Line’
    smp2: no visible global function definition for ‘spDists’
    smp2 : <anonymous>: no visible global function definition for ‘spDists’
Flavors: r-devel-linux-x86_64-debian-clang, r-devel-linux-x86_64-debian-gcc, r-devel-linux-x86_64-fedora-clang, r-devel-linux-x86_64-fedora-gcc, r-devel-osx-x86_64-clang, r-devel-windows-ix86+x86_64, r-patched-linux-x86_64, r-patched-solaris-sparc, r-patched-solaris-x86, r-release-linux-ix86, r-release-linux-x86_64, r-release-windows-ix86+x86_64

Version: 1.0.1
Check: package dependencies
Result: ERROR
    Packages required but not available: ‘rgeos’ ‘rgdal’
    
    See the information on DESCRIPTION files in the chapter ‘Creating R
    packages’ of the ‘Writing R Extensions’ manual.
Flavor: r-release-osx-x86_64-mavericks