CRAN Package Check Results for Package gWidgets2RGtk2

Last updated on 2015-02-05 23:50:25.

Flavor Version Tinstall Tcheck Ttotal Status Flags
r-devel-linux-x86_64-debian-clang 1.0-2 6.04 71.05 77.09 OK
r-devel-linux-x86_64-debian-gcc 1.0-2 6.10 71.00 77.10 OK
r-devel-linux-x86_64-fedora-clang 1.0-2 149.57 OK
r-devel-linux-x86_64-fedora-gcc 1.0-2 146.20 OK
r-devel-osx-x86_64-clang 1.0-2 135.43 OK
r-devel-windows-ix86+x86_64 1.0-2 20.00 78.00 98.00 OK
r-patched-linux-x86_64 1.0-2 7.14 77.99 85.13 OK
r-patched-solaris-sparc 1.0-2 982.00 OK
r-patched-solaris-x86 1.0-2 222.40 OK
r-release-linux-ix86 1.0-2 8.26 91.67 99.93 OK
r-release-linux-x86_64 1.0-2 7.14 80.68 87.82 OK
r-release-osx-x86_64-mavericks 1.0-2 ERROR
r-release-osx-x86_64-snowleopard 1.0-2 ERROR
r-release-windows-ix86+x86_64 1.0-2 25.00 88.00 113.00 OK
r-oldrel-windows-ix86+x86_64 1.0-2 48.00 96.00 144.00 OK

Check Details

Version: 1.0-2
Check: package dependencies
Result: ERROR
    Package required but not available: ‘RGtk2’
    
    Package suggested but not available for checking: ‘cairoDevice’
    
    See the information on DESCRIPTION files in the chapter ‘Creating R
    packages’ of the ‘Writing R Extensions’ manual.
Flavor: r-release-osx-x86_64-mavericks

Version: 1.0-2
Check: tests
Result: ERROR
    Running the tests in ‘tests/run-tests.R’ failed.
    Last 13 lines of output:
     2: .RGtkCall("S_gdk_window_process_all_updates", PACKAGE = "RGtk2")
     3: gdkWindowProcessAllUpdates()
     4: obj$insert_text(value, where = match.arg(where), font.attr = sapply(font.attr, identity, simplify = FALSE), do.newline = do.newline, ...)
     5: insert.GText(txt1, "more", do.newline = FALSE)
     6: insert(txt1, "more", do.newline = FALSE)
     7: eval(expr, envir, enclos)
     8: eval(ei, envir)
     9: withVisible(eval(ei, envir))
     10: source(i)
     11: FUN(c("/Volumes/XT3/Builds/R-dev-web/QA/Simon/packages/snowleopard-x86_64/Rlib/3.1/gWidgets2/tests/button.R", "/Volumes/XT3/Builds/R-dev-web/QA/Simon/packages/snowleopard-x86_64/Rlib/3.1/gWidgets2/tests/calendar.R", "/Volumes/XT3/Builds/R-dev-web/QA/Simon/packages/snowleopard-x86_64/Rlib/3.1/gWidgets2/tests/checkbox.R", "/Volumes/XT3/Builds/R-dev-web/QA/Simon/packages/snowleopard-x86_64/Rlib/3.1/gWidgets2/tests/combobox.R", "/Volumes/XT3/Builds/R-dev-web/QA/Simon/packages/snowleopard-x86_64/Rlib/3.1/gWidgets2/tests/containers.R", "/Volumes/XT3/Builds/R-dev-web/QA/Simon/packages/snowleopard-x86_64/Rlib/3.1/gWidgets2/tests/df.R", "/Volumes/XT3/Builds/R-dev-web/QA/Simon/packages/snowleopard-x86_64/Rlib/3.1/gWidgets2/tests/edit.R", "/Volumes/XT3/Builds/R-dev-web/QA/Simon/packages/snowleopard-x86_64/Rlib/3.1/gWidgets2/tests/label.R", "/Volumes/XT3/Builds/R-dev-web/QA/Simon/packages/snowleopard-x86_64/Rlib/3.1/gWidgets2/tests/notebook.R", "/Volumes/XT3/Builds/R-dev-web/QA/Simon/packages/snowleopard-x86_64/Rlib/3.1/gWidgets2/tests/radio.R", "/Volumes/XT3/Builds/R-dev-web/QA/Simon/packages/snowleopard-x86_64/Rlib/3.1/gWidgets2/tests/slider.R", "/Volumes/XT3/Builds/R-dev-web/QA/Simon/packages/snowleopard-x86_64/Rlib/3.1/gWidgets2/tests/statusbar.R", "/Volumes/XT3/Builds/R-dev-web/QA/Simon/packages/snowleopard-x86_64/Rlib/3.1/gWidgets2/tests/table.R", "/Volumes/XT3/Builds/R-dev-web/QA/Simon/packages/snowleopard-x86_64/Rlib/3.1/gWidgets2/tests/text.R", "/Volumes/XT3/Builds/R-dev-web/QA/Simon/packages/snowleopard-x86_64/Rlib/3.1/gWidgets2/tests/tree.R", "/Volumes/XT3/Builds/R-dev-web/QA/Simon/packages/snowleopard-x86_64/Rlib/3.1/gWidgets2/tests/window.R")[[14L]], ...)
     12: lapply(X = X, FUN = FUN, ...)
     13: sapply(f, function(i) { message("testing ", i) source(i)})
     aborting ...
Flavor: r-release-osx-x86_64-snowleopard