Last updated on 2015-02-05 23:50:25.
Flavor | Version | Tinstall | Tcheck | Ttotal | Status | Flags |
---|---|---|---|---|---|---|
r-devel-linux-x86_64-debian-clang | 0.0-83 | 7.33 | 49.84 | 57.17 | OK | |
r-devel-linux-x86_64-debian-gcc | 0.0-83 | 7.34 | 49.14 | 56.48 | OK | |
r-devel-linux-x86_64-fedora-clang | 0.0-83 | 117.46 | OK | |||
r-devel-linux-x86_64-fedora-gcc | 0.0-83 | 115.47 | OK | |||
r-devel-osx-x86_64-clang | 0.0-83 | 108.52 | OK | |||
r-devel-windows-ix86+x86_64 | 0.0-83 | 27.00 | 71.00 | 98.00 | OK | |
r-patched-linux-x86_64 | 0.0-83 | 9.32 | 60.58 | 69.90 | OK | |
r-patched-solaris-sparc | 0.0-83 | 815.50 | OK | |||
r-patched-solaris-x86 | 0.0-83 | 192.00 | OK | |||
r-release-linux-ix86 | 0.0-83 | 10.18 | 72.02 | 82.20 | OK | |
r-release-linux-x86_64 | 0.0-83 | 8.70 | 61.83 | 70.54 | OK | |
r-release-osx-x86_64-mavericks | 0.0-83 | ERROR | ||||
r-release-osx-x86_64-snowleopard | 0.0-83 | OK | ||||
r-release-windows-ix86+x86_64 | 0.0-83 | 26.00 | 93.00 | 119.00 | OK | |
r-oldrel-windows-ix86+x86_64 | 0.0-83 | 26.00 | 91.00 | 117.00 | OK |
Version: 0.0-83
Check: package dependencies
Result: ERROR
Packages required but not available: ‘RGtk2’ ‘cairoDevice’
Package which this enhances but not available for checking: ‘RGtk2Extras’
See the information on DESCRIPTION files in the chapter ‘Creating R
packages’ of the ‘Writing R Extensions’ manual.
Flavor: r-release-osx-x86_64-mavericks